{"id":244,"date":"2011-02-28T11:18:26","date_gmt":"2011-02-28T11:18:26","guid":{"rendered":"https:\/\/blog.iese.edu\/argandona\/"},"modified":"2011-10-26T10:56:26","modified_gmt":"2011-10-26T10:56:26","slug":"teaching-materials","status":"publish","type":"page","link":"https:\/\/blog.iese.edu\/aargandona\/publications-since-1995\/teaching-materials\/?lang=en","title":{"rendered":"Teaching materials"},"content":{"rendered":"<ul>\n<li>ECON-418 \u201cDesconcierto en Islandia\u201d (supervisor) (2007)<\/li>\n<li>ECONN-230 \u201cGlosario de t\u00e9rminos de econom\u00eda. Espa\u00f1ol e ingl\u00e9s\u201d (2007)<\/li>\n<li>ECONN-229 \u201cRecursos de investigaci\u00f3n para econom\u00eda y finanzas en Internet\u201d (2007)<\/li>\n<li>ECONN-228 \u201cLa sostenibilidad de la deuda\u201d (2006)<\/li>\n<li>ECONN-227 \u201cLa oferta agregada: El mercado de trabajo\u201d (2006)<\/li>\n<li>ECONN-226 \u201cEl petr\u00f3leo\u201d (2005)<\/li>\n<li>ECON-417 \u201cEl d\u00f3lar, el euro y el yuan a principios del siglo XXI\u201d (2005)<\/li>\n<li>ECONN-224, \u201cLa demanda agregada\u201d (2004)<\/li>\n<li>ECONN-223, \u201cLos tipos de inter\u00e9s\u201d (2004)<\/li>\n<li>ASE-412, \u201cLa econom\u00eda norteamericana en el cambio de siglo\u201d (2003)<\/li>\n<li>ASEN-222, \u201cEl modelo de la oferta y la demanda agregadas (I). La demanda agregada\u201d (2002)<\/li>\n<li>ASEN-217, \u201cEl tipo de cambio: Introducci\u00f3n\u201d (1999)<\/li>\n<li>ASEN-216, \u201cIntroducci\u00f3n a la balanza de pagos\u201d (1999)<\/li>\n<li>ASEN-214, \u201cLa contabilidad nacional y el cuadro macroecon\u00f3mico\u201d (1999) (con J. Canals)<\/li>\n<li>ASEN-213, \u201cPol\u00edtica presupuestaria: Introducci\u00f3n a la econom\u00eda del sector p\u00fablico\u201d (1999)<\/li>\n<li>ASEN-212, \u201cLa determinaci\u00f3n del producto nacional\u201d (1999) (con J. Canals)<\/li>\n<li>ASEN-211, \u201cAlgunas tendencias de la econom\u00eda mundial\u201d (1999)<\/li>\n<li>DT 2686, \u201cLa crisis asi\u00e1tica\u201d (1998)<\/li>\n<li>ASEN-209, \u201cEl dinero: Creaci\u00f3n y control\u201d (1998)<\/li>\n<li>ASEN-208, \u201cLa macroeconom\u00eda en una econom\u00eda abierta\u201d (1998)<\/li>\n<li>ASEN-207, \u201cLa balanza de pagos y el tipo de cambio\u201d (1998)<\/li>\n<li>ASEN-200, \u201cPol\u00edtica fiscal: Gasto p\u00fablico y d\u00e9ficit\u201d (1998) (con A. Pastor)<\/li>\n<li>ASE-373, \u201cLa econom\u00eda espa\u00f1ola, 1990-1995. Suplemento: La econom\u00eda en 1996\u201d (1996)<\/li>\n<li>ASE-368, \u201cLa econom\u00eda espa\u00f1ola, 1990-1995\u201d (1996)<\/li>\n<li>ASE-241, \u201cLa econom\u00eda espa\u00f1ola, 1982-1990\u201d (1996)<\/li>\n<li>ASEN-192, \u201cLa inflaci\u00f3n\u201d (1996)<\/li>\n<li>ASEN-191, \u201cC\u00f3mo analizar la informaci\u00f3n macroecon\u00f3mica en la empresa\u201d (1996)<\/li>\n<li>ASEN-189, \u201cLa empresa, entre el auge y la recesi\u00f3n\u201d (1996)<\/li>\n<li>ASEN-188, \u201cLa transici\u00f3n hacia la Uni\u00f3n Econ\u00f3mica y Monetaria europea\u201d (1996)<\/li>\n<li>ASEN-187, \u201cLa Uni\u00f3n Econ\u00f3mica y Monetaria europea\u201d (1996)<\/li>\n<li>ASE-368, \u201cLa econom\u00eda espa\u00f1ola, 1990-1995\u201d (1996)<\/li>\n<li>ASE-343, \u201cSuiza\u201d (1995)<\/li>\n<li>ASE-342, \u201cItalia: Los agentes econ\u00f3micos\u201d (1995)<\/li>\n<li>ASE-341, \u201cItalia, 1945-1994\u201d (1995)<\/li>\n<\/ul>\n","protected":false},"excerpt":{"rendered":"<p>ECON-418 \u201cDesconcierto en Islandia\u201d (supervisor) (2007) ECONN-230 \u201cGlosario de t\u00e9rminos de econom\u00eda. Espa\u00f1ol e ingl\u00e9s\u201d (2007) ECONN-229 \u201cRecursos de investigaci\u00f3n para econom\u00eda y finanzas en Internet\u201d (2007) ECONN-228 \u201cLa sostenibilidad de la deuda\u201d (2006) ECONN-227 \u201cLa oferta agregada: El mercado de trabajo\u201d (2006) ECONN-226 \u201cEl petr\u00f3leo\u201d (2005) ECON-417 \u201cEl d\u00f3lar, el euro y el yuan [&hellip;]<\/p>\n","protected":false},"author":13,"featured_media":0,"parent":223,"menu_order":7,"comment_status":"closed","ping_status":"closed","template":"","meta":{"footnotes":""},"class_list":["post-244","page","type-page","status-publish","hentry"],"aioseo_notices":[],"_links":{"self":[{"href":"https:\/\/blog.iese.edu\/aargandona\/wp-json\/wp\/v2\/pages\/244","targetHints":{"allow":["GET"]}}],"collection":[{"href":"https:\/\/blog.iese.edu\/aargandona\/wp-json\/wp\/v2\/pages"}],"about":[{"href":"https:\/\/blog.iese.edu\/aargandona\/wp-json\/wp\/v2\/types\/page"}],"author":[{"embeddable":true,"href":"https:\/\/blog.iese.edu\/aargandona\/wp-json\/wp\/v2\/users\/13"}],"replies":[{"embeddable":true,"href":"https:\/\/blog.iese.edu\/aargandona\/wp-json\/wp\/v2\/comments?post=244"}],"version-history":[{"count":3,"href":"https:\/\/blog.iese.edu\/aargandona\/wp-json\/wp\/v2\/pages\/244\/revisions"}],"predecessor-version":[{"id":297,"href":"https:\/\/blog.iese.edu\/aargandona\/wp-json\/wp\/v2\/pages\/244\/revisions\/297"}],"up":[{"embeddable":true,"href":"https:\/\/blog.iese.edu\/aargandona\/wp-json\/wp\/v2\/pages\/223"}],"wp:attachment":[{"href":"https:\/\/blog.iese.edu\/aargandona\/wp-json\/wp\/v2\/media?parent=244"}],"curies":[{"name":"wp","href":"https:\/\/api.w.org\/{rel}","templated":true}]}}