{"id":261,"date":"2011-02-15T12:21:54","date_gmt":"2011-02-15T10:21:54","guid":{"rendered":"https:\/\/blog.iese.edu\/empresario-mundo\/"},"modified":"2015-07-09T08:09:10","modified_gmt":"2015-07-09T07:09:10","slug":"monograficos","status":"publish","type":"page","link":"https:\/\/blog.iese.edu\/empresario-mundo\/publicaciones\/monograficos\/","title":{"rendered":"Monogr\u00e1ficos"},"content":{"rendered":"<ul>\n<li><a href=\"https:\/\/ubr.universia.net\/article\/view\/811\/empresa-familiar-enfoque-multidisciplinar\" target=\"_blank\">Empresa familiar: Un enfoque multidisciplinar<\/a>. <em>Universia Business Review N. 32, cuarto trimestre 2011. <\/em>Coordinado por Prof. Josep T\u00e0pies.<\/li>\n<li>La gesti\u00f3n emprendedora de la empresa familiar. <em>Cr\u00e9dit Suisse, White Paper No 4, noviembre 2009, 39 p\u00e1gs.<\/em> Nueno, P. &amp; T\u00e0pies, J.<\/li>\n<li>\u00bfCu\u00e1ndo hay que vender una empresa?.\u00a0<em>IESE, No 40, julio 2006, 49 p\u00e1g..<\/em> Nueno, P.; T\u00e0pies, J. &amp; Rodr\u00edguez, A.<\/li>\n<li>Los procesos de fusi\u00f3n y adquisici\u00f3n en empresas familiares. <em>IESE, C\u00e1tedra Empresa Familiar, No 10, mayo 2004, 96 p\u00e1g.\u00a0<\/em>T\u00e0pies, J.; Gallo, M.A.; Estap\u00e9, M.J. &amp; Romances, J.M.<\/li>\n<\/ul>\n","protected":false},"excerpt":{"rendered":"<p>Empresa familiar: Un enfoque multidisciplinar. Universia Business Review N. 32, cuarto trimestre 2011. Coordinado por Prof. Josep T\u00e0pies. La gesti\u00f3n emprendedora de la empresa familiar. Cr\u00e9dit Suisse, White Paper No 4, noviembre 2009, 39 p\u00e1gs. Nueno, P. &amp; T\u00e0pies, J. \u00bfCu\u00e1ndo hay que vender una empresa?.\u00a0IESE, No 40, julio 2006, 49 p\u00e1g.. Nueno, P.; T\u00e0pies, [&hellip;]<\/p>\n","protected":false},"author":195,"featured_media":0,"parent":246,"menu_order":0,"comment_status":"closed","ping_status":"closed","template":"","meta":{"footnotes":""},"class_list":["post-261","page","type-page","status-publish","hentry"],"aioseo_notices":[],"_links":{"self":[{"href":"https:\/\/blog.iese.edu\/empresario-mundo\/wp-json\/wp\/v2\/pages\/261","targetHints":{"allow":["GET"]}}],"collection":[{"href":"https:\/\/blog.iese.edu\/empresario-mundo\/wp-json\/wp\/v2\/pages"}],"about":[{"href":"https:\/\/blog.iese.edu\/empresario-mundo\/wp-json\/wp\/v2\/types\/page"}],"author":[{"embeddable":true,"href":"https:\/\/blog.iese.edu\/empresario-mundo\/wp-json\/wp\/v2\/users\/195"}],"replies":[{"embeddable":true,"href":"https:\/\/blog.iese.edu\/empresario-mundo\/wp-json\/wp\/v2\/comments?post=261"}],"version-history":[{"count":8,"href":"https:\/\/blog.iese.edu\/empresario-mundo\/wp-json\/wp\/v2\/pages\/261\/revisions"}],"predecessor-version":[{"id":2306,"href":"https:\/\/blog.iese.edu\/empresario-mundo\/wp-json\/wp\/v2\/pages\/261\/revisions\/2306"}],"up":[{"embeddable":true,"href":"https:\/\/blog.iese.edu\/empresario-mundo\/wp-json\/wp\/v2\/pages\/246"}],"wp:attachment":[{"href":"https:\/\/blog.iese.edu\/empresario-mundo\/wp-json\/wp\/v2\/media?parent=261"}],"curies":[{"name":"wp","href":"https:\/\/api.w.org\/{rel}","templated":true}]}}