{"id":859,"date":"2012-11-09T13:17:37","date_gmt":"2012-11-09T12:17:37","guid":{"rendered":"https:\/\/blog.iese.edu\/empresario-mundo\/?page_id=859"},"modified":"2015-06-23T15:40:14","modified_gmt":"2015-06-23T14:40:14","slug":"casos-de-empresa-familiar","status":"publish","type":"page","link":"https:\/\/blog.iese.edu\/empresario-mundo\/casos-de-empresa-familiar\/","title":{"rendered":"Casos de Empresa Familiar"},"content":{"rendered":"<ul>\n<li>SEIMA, S.A.: direcci\u00f3n y gobierno en la empresa familiar. (SM-1623). D\u00edaz Caicoya, Gonzalo; T\u00e0pies, J. 2015.<\/li>\n<li>Grupo Moreno: Asegurando la continuidad. (SM-1587). Chiner, Alfonso; T\u00e0pies, J. 2013. Versi\u00f3n en ingl\u00e9s: Moreno Group:\u00a0Ensuring continuity (SM-1587-E)<\/li>\n<li>Driving Motors Company. (SM-1572). Chiner, Alfonso; T\u00e0pies, J. 2011.\u00a0Versi\u00f3n en ingl\u00e9s: Driving Mortors Company (SM-1572-E)<\/li>\n<li>Bab\u00e9 y C\u00eda: adaptaci\u00f3n al entorno de una empresa centenaria. (A,B). (SM-1570, SM-1576). Fern\u00e1ndez, Mar\u00eda; T\u00e0pies, J. ; Llopis Casellas, Jaume. 2011<\/li>\n<li>Constructors &amp; Co. Chicago USA (A, B,C), (SM-1544, SM-1545, SM-1546). Rus, S.; T\u00e0pies, J., 2010<\/li>\n<li>Conservas D\u00edaz S.A. (DG-1520) Chiner A., Gonz\u00e1lez M., T\u00e0pies, J. 2007<br \/>\nVersi\u00f3n en ingl\u00e9s: Conservas D\u00edaz S.A. (DG-1520-E)<\/li>\n<li>Copeinca, S.A.: un sistema de gobierno para una buena estrategia ( DG-1515) T\u00e0pies, J. y Siega, L. 2007<br \/>\nVersi\u00f3n en ingl\u00e9s: Copeinca S.A.: A Governance System for Good Strategy (DG-1515-E)<\/li>\n<li>Bertelsmann Foundation: Doing Good and Doing Well (DG-1513-E), Neumann, Frederic A., T\u00e0pies, J., 2007<\/li>\n<li>Bertelsmann: la cuesti\u00f3n de la propiedad (DG-1506), Neumann, Frederic A., T\u00e0pies, J., 2006<br \/>\nVersi\u00f3n en ingl\u00e9s: Bertelsmann: The Ownership Question (DG-1506-E)<\/li>\n<li>Equilibrando las necesidades de la familia y la compa\u00f1\u00eda en Merck KGaA (DG-1505) Neumann, Frederic A., T\u00e0pies, J., 2006<br \/>\nVersi\u00f3n en ingl\u00e9s: Balancing Family and Business Needs at Merck KGaA (DG-1505-E)<\/li>\n<li>Sucesi\u00f3n en Merck KGaA (DG-1504) Neumann, Frederic A., T\u00e0pies, J., 2006<br \/>\nVersi\u00f3n en ingl\u00e9s: Succession at Merck KGaA (DG-1504-E)<\/li>\n<li>Faget et Pinard (A, B) (DG-1499, DG-1500) Bonet L.; Gonz\u00e1lez M.; T\u00e0pies, J. 2006<\/li>\n<li>Exprimiendo dinero de Parmalat (DG-1478), T\u00e0pies, J., 2005<br \/>\nVersi\u00f3n en ingl\u00e9s: Milking Money out of Parmalat (DG-1478-E)<\/li>\n<li>Los Agnelli y el Grupo Fiat: La historia de un imperio familiar (A), (DG-1475), Toninato F., T\u00e0pies, J.. 2005<\/li>\n<li>Versi\u00f3n en ingl\u00e9s: The Agnellis and the Fiat Group: The Story of a Family Empire (A), (DG-1475-E)<\/li>\n<li>Los Agnelli y el Grupo Fiat: La historia de un imperio familiar (B), (DG-1476), Toninato F., T\u00e0pies, J.. 2005<\/li>\n<li>Versi\u00f3n en ingl\u00e9s: The Agnellis and the Fiat Group: The Story of a Family Empire (B), (DG-1476-E)<\/li>\n<li>Los Agnelli y el Grupo Fiat: La historia de un imperio familiar (C), (DG-1477), Toninato F., T\u00e0pies, J.. 2005<\/li>\n<li>Versi\u00f3n en ingl\u00e9s: The Agnellis and the Fiat Group: The Story of a Family Empire (C), (DG-1477-E)<\/li>\n<li>Compins S.A. (DG-1457) T\u00e0pies, J. 2004<\/li>\n<li>Grupo Ch\u00e1vez S.L. (DG-1456) T\u00e0pies, J. 2004<\/li>\n<li>ABPSA. Estudiando la adquisici\u00f3n de un competidor grande (DG-1452) Ricart J.E., T\u00e0pies, J., Verg\u00e9s S. 2003<br \/>\nVersi\u00f3n en ingl\u00e9s: ABPSA. Studying the Acquisition of a Big Competitor, (DG-1452-E)<\/li>\n<\/ul>\n","protected":false},"excerpt":{"rendered":"<p>SEIMA, S.A.: direcci\u00f3n y gobierno en la empresa familiar. (SM-1623). D\u00edaz Caicoya, Gonzalo; T\u00e0pies, J. 2015. Grupo Moreno: Asegurando la continuidad. (SM-1587). Chiner, Alfonso; T\u00e0pies, J. 2013. Versi\u00f3n en ingl\u00e9s: Moreno Group:\u00a0Ensuring continuity (SM-1587-E) Driving Motors Company. (SM-1572). Chiner, Alfonso; T\u00e0pies, J. 2011.\u00a0Versi\u00f3n en ingl\u00e9s: Driving Mortors Company (SM-1572-E) Bab\u00e9 y C\u00eda: adaptaci\u00f3n al entorno [&hellip;]<\/p>\n","protected":false},"author":335,"featured_media":0,"parent":0,"menu_order":0,"comment_status":"closed","ping_status":"closed","template":"","meta":{"footnotes":""},"class_list":["post-859","page","type-page","status-publish","hentry"],"aioseo_notices":[],"_links":{"self":[{"href":"https:\/\/blog.iese.edu\/empresario-mundo\/wp-json\/wp\/v2\/pages\/859","targetHints":{"allow":["GET"]}}],"collection":[{"href":"https:\/\/blog.iese.edu\/empresario-mundo\/wp-json\/wp\/v2\/pages"}],"about":[{"href":"https:\/\/blog.iese.edu\/empresario-mundo\/wp-json\/wp\/v2\/types\/page"}],"author":[{"embeddable":true,"href":"https:\/\/blog.iese.edu\/empresario-mundo\/wp-json\/wp\/v2\/users\/335"}],"replies":[{"embeddable":true,"href":"https:\/\/blog.iese.edu\/empresario-mundo\/wp-json\/wp\/v2\/comments?post=859"}],"version-history":[{"count":13,"href":"https:\/\/blog.iese.edu\/empresario-mundo\/wp-json\/wp\/v2\/pages\/859\/revisions"}],"predecessor-version":[{"id":2238,"href":"https:\/\/blog.iese.edu\/empresario-mundo\/wp-json\/wp\/v2\/pages\/859\/revisions\/2238"}],"wp:attachment":[{"href":"https:\/\/blog.iese.edu\/empresario-mundo\/wp-json\/wp\/v2\/media?parent=859"}],"curies":[{"name":"wp","href":"https:\/\/api.w.org\/{rel}","templated":true}]}}