{"id":874,"date":"2012-11-09T13:25:06","date_gmt":"2012-11-09T12:25:06","guid":{"rendered":"https:\/\/blog.iese.edu\/empresario-mundo\/?page_id=874"},"modified":"2012-11-16T12:36:33","modified_gmt":"2012-11-16T11:36:33","slug":"notas-tecnicas-de-direccion-financiera","status":"publish","type":"page","link":"https:\/\/blog.iese.edu\/empresario-mundo\/notas-tecnicas-de-direccion-financiera\/","title":{"rendered":"Notas t\u00e9cnicas de Direcci\u00f3n Financiera"},"content":{"rendered":"<ul>\n<li>La gesti\u00f3n del gasto de viaje y representaci\u00f3n (CN-195), Rahnema A., T\u00e0pies J., V\u00e1zquez-Dodero J.C., 1996<\/li>\n<li>Introducci\u00f3n a las operaciones de management buy-out (FN-364) \u00c1lvarez E., T\u00e0pies J. 1995<\/li>\n<li>Modelo para la negociaci\u00f3n de condiciones con los bancos, Un (FN-197) Prat Ll., T\u00e0pies J. 1994<\/li>\n<li>Aspectos cr\u00edticos que inciden en la negociaci\u00f3n bancaria (FN-325) Prat Ll., T\u00e0pies J. 1994<\/li>\n<li>Herramientas para el diagn\u00f3stico financiero (FN-351) \u00c1lvarez E., T\u00e0pies J. 1994<\/li>\n<li>Compa\u00f1\u00edas de seguros y su papel en la desintermediaci\u00f3n financiera, Las (FN-193) Soley J., T\u00e0pies J. 1988<\/li>\n<li>C\u00f3mo establecer una pol\u00edtica de cobros en la empresa (FN-196) Prat Ll., T\u00e0pies J. 1988<\/li>\n<li>Cr\u00e9ditos sindicados en pesetas (FN-191) T\u00e0pies J., Villaseca R. 1987<\/li>\n<li>Pagar\u00e9s de empresa (FN-189) T\u00e0pies J., Villaseca R. 1987<\/li>\n<li>Obligaciones y bonos (FN-190) T\u00e0pies J., Villaseca R. 1987<\/li>\n<li>Cr\u00e9dito oficial (FN-183) Soley J., T\u00e0pies J. 1986<\/li>\n<li>Tablas para el c\u00e1lculo de rentabilidad de inversiones en el Mercado de letras y pagar\u00e9s (FN-168) Subir\u00e0 A., T\u00e0pies. J. 1985<\/li>\n<li>Mercado de letras de cambio como inversi\u00f3n de excedentes de tesorer\u00eda, El (FN-169) Subir\u00e0 A., T\u00e0pies J. 1985<\/li>\n<\/ul>\n","protected":false},"excerpt":{"rendered":"<p>La gesti\u00f3n del gasto de viaje y representaci\u00f3n (CN-195), Rahnema A., T\u00e0pies J., V\u00e1zquez-Dodero J.C., 1996 Introducci\u00f3n a las operaciones de management buy-out (FN-364) \u00c1lvarez E., T\u00e0pies J. 1995 Modelo para la negociaci\u00f3n de condiciones con los bancos, Un (FN-197) Prat Ll., T\u00e0pies J. 1994 Aspectos cr\u00edticos que inciden en la negociaci\u00f3n bancaria (FN-325) Prat [&hellip;]<\/p>\n","protected":false},"author":335,"featured_media":0,"parent":0,"menu_order":0,"comment_status":"closed","ping_status":"closed","template":"","meta":{"footnotes":""},"class_list":["post-874","page","type-page","status-publish","hentry"],"aioseo_notices":[],"_links":{"self":[{"href":"https:\/\/blog.iese.edu\/empresario-mundo\/wp-json\/wp\/v2\/pages\/874","targetHints":{"allow":["GET"]}}],"collection":[{"href":"https:\/\/blog.iese.edu\/empresario-mundo\/wp-json\/wp\/v2\/pages"}],"about":[{"href":"https:\/\/blog.iese.edu\/empresario-mundo\/wp-json\/wp\/v2\/types\/page"}],"author":[{"embeddable":true,"href":"https:\/\/blog.iese.edu\/empresario-mundo\/wp-json\/wp\/v2\/users\/335"}],"replies":[{"embeddable":true,"href":"https:\/\/blog.iese.edu\/empresario-mundo\/wp-json\/wp\/v2\/comments?post=874"}],"version-history":[{"count":6,"href":"https:\/\/blog.iese.edu\/empresario-mundo\/wp-json\/wp\/v2\/pages\/874\/revisions"}],"predecessor-version":[{"id":912,"href":"https:\/\/blog.iese.edu\/empresario-mundo\/wp-json\/wp\/v2\/pages\/874\/revisions\/912"}],"wp:attachment":[{"href":"https:\/\/blog.iese.edu\/empresario-mundo\/wp-json\/wp\/v2\/media?parent=874"}],"curies":[{"name":"wp","href":"https:\/\/api.w.org\/{rel}","templated":true}]}}