{"id":4,"date":"2011-05-03T10:30:22","date_gmt":"2011-05-03T08:30:22","guid":{"rendered":"https:\/\/blog.iese.edu\/ferraro\/?page_id=4"},"modified":"2013-02-04T12:14:24","modified_gmt":"2013-02-04T11:14:24","slug":"research","status":"publish","type":"page","link":"https:\/\/blog.iese.edu\/ferraro\/research\/","title":{"rendered":"Research &amp; Publications"},"content":{"rendered":"<p style=\"text-align: justify\"><strong>Research<\/strong><\/p>\n<p>I have developed my research trajectory in the field of Organization Theory and have focused on two related questions: (1) how social science (especially economics) affect the design of market institutions and management practices, and (2) the emergence of novel institutions, such as Open Source Software, Sustainability Reporting and Responsible Investing. \u00a0In addition to these core research projects, I have also published a number of different articles and book chapters on (3) the evolution of global corporate networks and on (4) architectural changes in industries.<\/p>\n<p style=\"text-align: justify\"><em><strong>1. Economics Language, Assumptions and Performativity<\/strong><\/em><\/p>\n<p style=\"text-align: justify\">I have studied how economics can shape institutional designs and management practices as well as social norms and expectations about behavior, thereby shaping the behavior they predict. This is the core of two articles published, in collaboration with\u00a0<a href=\"http:\/\/faculty-gsb.stanford.edu\/pfeffer\/\" target=\"_blank\">Jeff Pfeffer<\/a> and\u00a0<a href=\"http:\/\/bobsutton.typepad.com\/\" target=\"_blank\">Bob Sutton<\/a> (Stanford University) in the Academy of Management Review in 2005. In these articles, I suggest three theoretical mechanisms to explain the process through which social science theories can affect the same reality they are studying: institutional design, normative influence, and language framing. I illustrated these ideas by considering how the language and assumptions of economics can shape management practices: theories can \u201cwin\u201d in the marketplace for ideas, independent of their empirical validity, to the extent their assumptions and language become taken for granted and normatively valued, therefore\u00a0creating conditions that make them come \u201ctrue.\u201d<\/p>\n<p style=\"text-align: justify\">This work contributed to the development of the performativity perspective which is gaining momentum as a theoretical lens to understand modernity, markets and organizations across all social sciences. Scholars in this field stressed the role of material artifacts in shaping markets and organizations. Equations, financial visualizations, application software, according to this literature, help actors engage in calculative decision-making in the face of uncertainty. According to this perspective, which developed in the field of social studies of science, economists and other social scientists do not just describe markets but provide them with an infrastructure made with their models, their formulas and their calculative devices. Thanks to these devices individuals can successfully operate in markets, and therefore it can be said that economics <em>performs <\/em>the economy. My work contributed to this debate by providing an integrated view of its theoretical mechanisms, and linking them with institutional theory in sociology and framing theory in social psychology.<\/p>\n<p>In 2009, I published a follow-up article titled \u201cHow and Why Theories Matter: a Comment on Felin and Foss\u201d in Organization Science. In this article I expand on the epistemological foundation of our theory, suggest novel scope conditions that limit its applicability, and link my contribution to more recent work in other fields (sociology, social psychology, political science, and economics).<\/p>\n<p style=\"text-align: justify\"><strong>Publications<em>:<\/em><\/strong><\/p>\n<ul style=\"text-align: justify\">\n<li>Ferraro, Fabrizio, Jeffrey Pfeffer, and Robert I Sutton. 2005. &#8220;<a href=\"https:\/\/blog.iese.edu\/ferraro\/files\/2011\/05\/Economics-Language-and-Assumptions-How-Theories-Can-Become-Self-fulfilling.pdf\" target=\"_blank\">Economics Language and Assumptions How Theories Can Become Self-fulfilling<\/a>&#8221; Academy Of Management Review 30:8-24.<\/li>\n<li>Ferraro, Fabrizio, Jeffrey Pfeffer, and Robert I Sutton. 2005. \u201c<a href=\"https:\/\/blog.iese.edu\/ferraro\/files\/2011\/05\/Prescriptions-are-not-enough.pdf\" target=\"_blank\">Prescriptions are not enough<\/a>\u201d Academy of Management Review, 30: 32-35.<\/li>\n<li>Ferraro, Fabrizio, Jeffrey Pfeffer, and Robert I Sutton. 2009. &#8220;<a href=\"https:\/\/blog.iese.edu\/ferraro\/files\/2011\/06\/How-and-why-thoeries-matter.pdf\" target=\"_blank\">How and Why Theories Matter: A Comment on Felin and Foss<\/a>&#8221; Organization Science 20 (3):669-675.<\/li>\n<\/ul>\n<p style=\"text-align: justify\"><em><strong>2. Emergence of Novel Institutions and Industries<\/strong><\/em><\/p>\n<p>Understanding how novel institutions emerge and consolidate is the core question at the basis of my work on open source software communities, sustainability reporting, and responsible investing.\u00a0 In this stream of work I focused on understanding the mechanisms explaining the emergence of novel practices, organizations and institutions: basis of authority, membership and boundary formation, analogies, and collaboration. Methodologically this work ranged from in-depth ethnographic fieldwork, to content analysis and social network analysis.<\/p>\n<p><strong>2.a Open Source Software Community<\/strong><\/p>\n<p>Together with\u00a0<a href=\"http:\/\/smgapps.bu.edu\/mgmt_new\/profiles\/O%27MahonySiobhan.html\" target=\"_blank\">Siobhan O\u2019Mahony<\/a> (Boston University), I have been studying the Open Source Software community\u00a0<a href=\"http:\/\/www.debian.org\/\" target=\"_blank\">Debian<\/a>\u00a0for a number of years and explored how their members developed a shared basis of formal authority but limited it with democratic mechanisms that enabled experimentation with shifting conceptions of authority over time. When members settled on a shared conception of authority, it was more expansive than their original design. By blending bureaucratic and democratic mechanisms, the governance system evolved with the community\u2019s changing conceptions of authority (O&#8217;Mahony and Ferraro, 2005).<\/p>\n<p>We also studied another essential process of the emergence of formal organizational structure: the development of a membership process. We examined the project\u2019s face-to-face social network during a five-year period (1997-2002) to see how changes in the social structure affect the evolution of membership mechanisms and the determination of gatekeepers (Ferraro and O&#8217;Mahony, 2012).<\/p>\n<p>With Jordi Torrents, we studied the network structure of collaborative communities with a structural cohesion approach. In our work we identify the structural characteristics of collaborative communities, and empirically test our theory with a longitudinal analysis of the Debian Community. Finally, we developed a novel algorithm to compute structural cohesion, which might help researchers overcome the computational barrier that prevented wider use of this concept.<\/p>\n<p><strong>Publications:<\/strong><\/p>\n<ul>\n<li>O\u2019Mahony, Siobhan, and Fabrizio Ferraro. 2007. \u201c<a href=\"https:\/\/blog.iese.edu\/ferraro\/files\/2011\/05\/The-emergence-of-governance-in-an-open-source-community.pdf\" target=\"_blank\">The emergence of governance in an open source community<\/a>\u201d Academy of Management Journal 50:1079-1106.<\/li>\n<li>Ferraro, Fabrizio, and Siobhan O\u00b4Mahony. 2012.\u00a0 \u201c<a href=\"https:\/\/blog.iese.edu\/ferraro\/files\/2012\/01\/091215-Chapter-18-Ferraro-OMahony.pdf\" target=\"_blank\">Managing the boundaries of an \u2018Open\u2019 project<\/a>\u201d In Padgett, John and Walter Powell, The Emergence of Organizations and Markets. Princeton University Press.<\/li>\n<\/ul>\n<p><strong>Work in progress:<\/strong><\/p>\n<ul>\n<li>The network structure of collaborative communities: a structural cohesion approach (co-authored with Jordi Torrents)<\/li>\n<\/ul>\n<p>Abstract: Collaborative communities have emerged in the last few decades in a variety of knowledge intensive occupations and organizations. Previous research has explored the role of trust, governance rules and identity in the emergence and development of these novel organizational forms. We suggest that a structural approach to the social networks created among producers in collaborative communities might help better specify the underlying network structure that characterize such communities. We explore the evolution of the Debian Open Source Software community and compare two models to characterize its collaboration network: small world and structural cohesion. Drawing on the theoretical stream of collaborative communities and on insights derived from the empirical analysis, we hypothesize that the network structure of collaborative communities is characterized by high levels of both local and global cohesion. This network structure enables the generation and development of trust among produces, which is the main coordination mechanism of the community principle of social organization.<\/p>\n<ul>\n<li>Structural Cohesion: a theoretical extension and a fast approximation algorithm (co-authored with Jordi Torrents)<\/li>\n<\/ul>\n<p>Abstract:\u00a0The structural cohesion model (White and Harary, 2001; Moody and White, 2003) is\u00a0a powerful theoretical conception of cohesion in social groups, which is defined as the\u00a0minimal number of actors that need to be removed to disconnect it. In this paper we extend\u00a0the model by using average node connectivity, in addition to node connectivity, to formalize\u00a0cohesion. We also present an approximation algorithm to compute it for moderately large\u00a0networks in a reasonable time frame. This approach makes it possible to analyze cohesion\u00a0in large bipartite networks. We tested our algorithm in four different collaboration networks\u00a0and show that previous results obtained on one-mode projections of collaboration networks\u00a0might be biased, as the recent literature on bipartite networks suggests. Thus we show\u00a0that our approximation algorithm can provide acceptable measures of structural cohesion\u00a0in large networks.<\/p>\n<ul>\n<li>Small world model and bipartite networks\u00a0(co-authored with Jordi Torrents)<\/li>\n<\/ul>\n<p>Abstract: In the development of the research on the structure of collaborative communities, we found that traditional procedures used to deal with affiliation networks yield inaccurate results regarding measures of local cohesion. The usual practice when an analyst is dealing with an affiliation or 2-mode network is to perform the 1-mode projection in order to be able to apply well known measures. The analysis is usually performed only on one side, the one that is considered more relevant in terms of the substantive analysis performed. However, there is an important loss of relevant information in this process and a growing literature on measurement techniques that can be applied directly to affiliation networks. Using data from published studies on collaboration networks and board interlocks, we illustrate the impact of the loss of information of the traditional approach, showing that inferences about local cohesion can be misleading if we do not take into account the underlying bipartite structure of the original affiliation networks. These results are specially relevant for the growing literature on small world models for collaborative activities (such as co-authoring relationship among scientists) because those networks are usually modeled as affiliation networks but analyzed only in terms of their 1-mode projection.<\/p>\n<p><em><strong>2.b Emergence and Diffusion of Sustainability Reporting: The Global Reporting Initiative<\/strong><\/em><\/p>\n<p>Together with\u00a0<a href=\"http:\/\/people.mcgill.ca\/dror.etzion\/\" target=\"_blank\">Dror Etzion<\/a> (Mc Gill University), we studied the early stages of institutionalization of the\u00a0Global Reporting Initiative, the dominant framework for sustainability reporting. We found out that the analogy with financial reporting played a key role in the emergence of this novel institution, and studied how the analogy was employed differently overtime, and link its role to the processes of design and diffusion of the novel institution. We show that analogies with more established institutions can be used to bring more legitimacy to the fledgling novel institution in the early stage of the process, and then later on to stress differences between the existing institution and the novel one.<\/p>\n<p><strong>Publications:\u00a0<\/strong><\/p>\n<ul>\n<li>Etzion, Dror, and Fabrizio Ferraro. 2010. \u201c<a href=\"https:\/\/blog.iese.edu\/ferraro\/files\/2011\/05\/The-role-of-analogy-in-the-institutionalization-of-sustainable-reporting.pdf\" target=\"_blank\">The Role of Analogy in the Institutionalization of Sustainability Reporting<\/a>\u201d Organization Science\u00a021 (5): 1092\u2013110.<\/li>\n<\/ul>\n<p><strong>Work in progress:<\/strong><\/p>\n<ul>\n<li>Pragmatically Rational: Robust Action and Large-Scale Social Challenges\u00a0 (co-authored with Dror Etzion).<\/li>\n<\/ul>\n<p>Abstract: Although appealing to our common sense and daily experience of organizing, we suggest that a rational planning approach may not to be the most effective for addressing large scale, complex challenges &#8211; often coined \u201cwicked problems\u201d &#8211; such as poverty and climate change. Fundamentally, wicked problems are characterized by analytical intractability, thereby limiting the effectiveness of rational planning. Consequently, meaningful progress on large scale social challenges may be incompatible, both in theory and in practice, with a planning approach that emphasizes ex-ante rationality, clearly articulated long term goals and efficient coordination of effort. In this paper, we propose an alternative approach to addressing large scale social challenges, based upon the concept of robust action. Robust action emphasizes multi-vocal rhetoric and ambiguity, and thrives upon participatory governance and diverse networks to establish conditions which can lead to large scale change. We outline a research agenda that examines the contexts and scope conditions that delineate arenas in which robust action can successfully address large scale social challenges.<\/p>\n<p><strong>2.c Responsible Investing<\/strong><\/p>\n<p>Supported by a five-year grant of the European Research Council (ERC) (2011-2015), my research \u00a0project \u201cThe role of technology, models and metrics in the socially responsible investing field &#8211; SRITECH\u201d aims to study how institutional investors, asset managers, and the whole financial sector gradually integrates environmental, social and governance factors in their investment process. The project is articulated in a number of studies focused on the design of novel technological and data infrastructure for responsible investing, the emergence of novel investing practices, and finally the role of shareholder engagement in the process.<\/p>\n<div>\n<p>I have also developed a related stream of research on opinion formation in financial markets, to better understand how beliefs are formed in financial markets.\u00a0 In this work, together with Matteo Prato, we develop a theory of conformity and deviance among securities analysts and contribute to the debate on the role of status in the process.<\/p>\n<p><strong>Work in progress:<\/strong><\/p>\n<ul>\n<li>The Voice of the Market: Conformity and Deviance Among Securities Analysts (co-authored with Matteo Prato)<\/li>\n<\/ul>\n<p>Abstract:\u00a0Sociological approaches to the market posit that market actors solve evaluative uncertainty by following the opinions of others. These approaches assume that the &#8220;voice of the market&#8221; formed by these opinions always provides clear, unambiguous guidance to focal actors. This paper starts from the premise that the voice of the market is not always univocal, and asks how the distribution of opinions on an issue affects the propensity to conform or deviate. We represent the voice of the market as the full topology of opinions focal actors observe, and represent it with two dimensions: loudness (the number of opinions expressed) and accord (the degree of agreement across the opinions expressed). We hypothesize that up to a certain level of loudness, accord increases actors&#8217; propensity to conform. But as conformity plants the seeds of deviance we expect that beyond a certain threshold of loudness, accord increases actors\u00b4 propensity to deviate. We test our theory with a dataset of all US securities analysts from November 1995\u2013September 2006.<\/p>\n<ul>\n<li>Understanding Voice: Mechanisms of Influence in Shareholder Engagement (co-authored with Daniel Beunza)<\/li>\n<\/ul>\n<p>Abstract: While contentious tactics provide activists with a credible way to threaten corporate reputation, their extra-institutional nature is arguably less effective in fostering dialogue. This limits their effectiveness as a vehicle for what Hirschman called <i>voice<\/i>, namely, for helping corporations learn from deteriorating performance. Our study of so-called \u201cshareholder engagement\u201d points to an alternative form of influence. Our qualitative analysis of a leading American coalition of faith-based investors examines how its members file resolutions and conduct corporate dialogues to advance social and environmental issues. First, it highlights their ability to formulate emerging moral issues and their business implications; and second, their efforts at sensitizing corporations by influencing the internal corporate debate, simultaneously signaling loyalty and standing for what they believe. These two mechanisms give shareholders a moral voice that complements the contentious tactics used by other activists<\/p>\n<ul>\n<li>Consequences of Shareholders\u2019 Engagement on Financial Markets (co-authored with Matteo Prato)<\/li>\n<\/ul>\n<ul>\n<li>Voicing Status: When High-Status Actors Conform? (Co-authored with Matteo Prato)<\/li>\n<\/ul>\n<div>\n<p><em><strong>3. Global Corporate Networks<\/strong><\/em><\/p>\n<p>Together with Erica Salvaj, we studied Board Interlocks in Spain, finding that recently privatized companies play an important role in the Spanish Corporate Networks, and family firms play a marginal role in this network.<\/p>\n<p>I have also been involved in an International research project led by Prof. Bruce Kogut (Columbia University), on comparative governance regimes in 45 countries. Using a subset of this data, I co-authored a book chapter on the evolution of corporate control in Europe, comparing the trajectories of Spain, Italy, France, and Germany during the 1990s.<\/p>\n<p><strong>Publications:<\/strong><\/p>\n<ul>\n<li>Salvaj, Erica; Ferraro, Fabrizio; Tapies, Josep. 2008. \u201c<a href=\"https:\/\/blog.iese.edu\/ferraro\/files\/2011\/06\/Salvaj.Ferraro.Tapies.2008.pdf\" target=\"_blank\">Family Firms and the Contingent Value of Board Interlocks: the Spanish Case<\/a>\u201d In\u00a0Family Values and Value Creation: How do Family Owned Businesses foster enduring values.\u00a0Edited by Josep Tapies and John Ward. Palgrave 2008.<\/li>\n<li>Salvaj, Erica, and Fabrizio Ferraro, 2005. \u201c<a href=\"https:\/\/blog.iese.edu\/ferraro\/files\/2011\/06\/Salvaj.Ferraro.2003.pdf\" target=\"_blank\">Las Redes de Propiedad y de Consejos de Administraci\u00f3n del IBEX 35<\/a>\u201d in Alvarez, JL, Gifr\u00e0, J y Ricart, JE, Los accionistas y el gobierno de la empresa: An\u00e1lisis de la situaci\u00f3n Espa\u00f1ola, Ediciones Deusto.<\/li>\n<li>Ferraro, Fabrizio, Raffaele Corrado, Gerhard Schnyder, Eelke M. Heemskerk, and Nathalie Del Vecchio. 2012. \u201c<a href=\"https:\/\/blog.iese.edu\/ferraro\/files\/2012\/01\/Chapter-5-proofs-2.pdf\" target=\"_blank\">Structural Breaks and Governance Networks in Western Europe<\/a>\u201d In Kogut, Bruce (ed.) The Small World of Corporate Governance. MIT Press.<\/li>\n<\/ul>\n<p><em><strong>4. Industry Evolution in the Motion Picture Industry<\/strong><\/em><\/p>\n<p>The emergence of novel industry architectures is the focus of my study of the evolution of the movie industry in the United States. In the paper \u201cBuilding Architectural Advantage in the US Motion Picture Industry: Lew Wasserman and the Music Corporation of America,\u201d co-authored with Kerem Gurses, we use an historical case study on Lew Wasserman and the Music Corporation of America, to develop a theory of the emergence of novel industry architecture. We show how the new architecture was the result of the interaction of the Studios&#8217; actions, constrained by the institutional logic of the industry and by the regulatory framework, and Lew Wasserman&#8217;s introduction of novel industry practices (profit-sharing and packaging) which both consolidate his grip on talents and facilitate the growth of independent production and TV production.<\/p>\n<\/div>\n<div>\n<p><strong>Publications:<\/strong><\/p>\n<ul>\n<li>Ferraro, Fabrizio and Gurses, K. 2009 \u201c<a href=\"https:\/\/blog.iese.edu\/ferraro\/files\/2011\/07\/Ferraro-Gurses-2009-LewWasserman.pdf\" target=\"_blank\">Building Architectural Advantage in the US Motion Picture Industry: Lew Wasserman and the Music Corporation of America<\/a>\u201d European Management Review, 6: 233-249.<\/li>\n<li>Ferraro, Fabrizio. 2010. \u201c<a href=\"https:\/\/blog.iese.edu\/ferraro\/files\/2011\/07\/Ferraro-2010-Shaping-an-Industry-in-your-favor.pdf\" target=\"_blank\">Shaping an Industry in Your Favor<\/a>\u201c, IESE Insight, Issue 4: 30-37.<\/li>\n<\/ul>\n<\/div>\n<\/div>\n<p>&nbsp;<\/p>\n","protected":false},"excerpt":{"rendered":"<p>Research I have developed my research trajectory in the field of Organization Theory and have focused on two related questions: (1) how social science (especially economics) affect the design of market institutions and management practices, and (2) the emergence of novel institutions, such as Open Source Software, Sustainability Reporting and Responsible Investing. \u00a0In addition to [&hellip;]<\/p>\n","protected":false},"author":12,"featured_media":0,"parent":0,"menu_order":2,"comment_status":"open","ping_status":"open","template":"","meta":{"footnotes":""},"class_list":["post-4","page","type-page","status-publish","hentry"],"aioseo_notices":[],"_links":{"self":[{"href":"https:\/\/blog.iese.edu\/ferraro\/wp-json\/wp\/v2\/pages\/4","targetHints":{"allow":["GET"]}}],"collection":[{"href":"https:\/\/blog.iese.edu\/ferraro\/wp-json\/wp\/v2\/pages"}],"about":[{"href":"https:\/\/blog.iese.edu\/ferraro\/wp-json\/wp\/v2\/types\/page"}],"author":[{"embeddable":true,"href":"https:\/\/blog.iese.edu\/ferraro\/wp-json\/wp\/v2\/users\/12"}],"replies":[{"embeddable":true,"href":"https:\/\/blog.iese.edu\/ferraro\/wp-json\/wp\/v2\/comments?post=4"}],"version-history":[{"count":93,"href":"https:\/\/blog.iese.edu\/ferraro\/wp-json\/wp\/v2\/pages\/4\/revisions"}],"predecessor-version":[{"id":6,"href":"https:\/\/blog.iese.edu\/ferraro\/wp-json\/wp\/v2\/pages\/4\/revisions\/6"}],"wp:attachment":[{"href":"https:\/\/blog.iese.edu\/ferraro\/wp-json\/wp\/v2\/media?parent=4"}],"curies":[{"name":"wp","href":"https:\/\/api.w.org\/{rel}","templated":true}]}}