{"id":2,"date":"2010-06-15T17:18:11","date_gmt":"2010-06-15T16:18:11","guid":{"rendered":""},"modified":"2023-10-20T13:47:58","modified_gmt":"2023-10-20T12:47:58","slug":"biografia","status":"publish","type":"page","link":"https:\/\/blog.iese.edu\/martinezabascal\/biografia\/","title":{"rendered":"Sobre el autor"},"content":{"rendered":"<p style=\"text-align: justify;\">Eduardo Mart\u00ednez Abascal es Profesor Ordinario del IESE en el \u00e1rea de direcci\u00f3n financiera, donde ejerce la docencia desde 1992. Doctor en ciencias econ\u00f3micas y empresariales por la Universidad de Barcelona y MBA del IESE. Ha sido tambi\u00e9n visiting scholar en la Sloan School of Management del Massachussets Institute of Technology (MIT).<\/p>\n<p style=\"text-align: justify;\">Su \u00e1rea de docencia cubre tanto finanzas corporativas como gesti\u00f3n de carteras y mercados de capitales. En los \u00faltimos a\u00f1os ha impartido clases en programas de alta direcci\u00f3n en Barcelona, Madrid, Munich, Shanghai, Lagos, Nairobi, El Cairo, Sao Paulo, Montevideo, M\u00e9xico, Bogot\u00e1 y Washington DC, entre otros.<\/p>\n<p style=\"text-align: justify;\">Actualmente es Director Acad\u00e9mico del programa PADE en Barcelona, as\u00ed como Director de Relaciones Institucionales con Escuelas Asociadas del IESE. En la direcci\u00f3n del IESE ha desempe\u00f1ado los siguientes cargos: Vocal del Consejo de Direcci\u00f3n para programas MBA,Vocal del Consejo de Direcci\u00f3n para Programas de Formaci\u00f3n de Directivos y Director General Asociado.<\/p>\n<p style=\"text-align: justify;\">Es miembro asesor de varias Business Schools (Nigeria, Kenia, Uruguay, Ecuador y Brasil).<\/p>\n<p style=\"text-align: justify;\">Su \u00e1rea de consultor\u00eda cubre tanto mercado de capitales como valoraci\u00f3n de empresas. Es Consejero del Grupo Nicol\u00e1s Correa, Grupo AZA, ITC Group y asesor de otras empresas.<\/p>\n<p style=\"text-align: justify;\">Ha publicado 11 libros, 4 colaboraciones en libros, 85notas t\u00e9cnicas, 21 casos, 22art\u00edculosen revistas especializadas, y m\u00e1s de 170 en prensa financiera diaria. Es columnista de El Peri\u00f3dico y ha colaborado habitualmente en otros medios (Expansi\u00f3n, La Vanguardia, El Mundo, El Pa\u00eds, etc.).<\/p>\n<p>Libros:<\/p>\n<p>&#8211;\u00a0\u00a0\u00a0\u00a0\u00a0\u00a0\u00a0\u00a0 Operative Finanzen. Ed. McGraw-Hill. 1\u00aa Edici\u00f3n. 2014.<\/p>\n<p>&#8211;\u00a0\u00a0\u00a0\u00a0\u00a0\u00a0\u00a0\u00a0 Finance for Managers. Ed. McGraw-Hill. 1\u00aa Edici\u00f3n. 2012.<\/p>\n<p>&#8211;\u00a0\u00a0\u00a0\u00a0\u00a0\u00a0\u00a0\u00a0 Finanzas para Directivos. Ed. McGraw-Hill. 2\u00aa Edici\u00f3n. 2012.<\/p>\n<p>&#8211;\u00a0\u00a0\u00a0\u00a0\u00a0\u00a0\u00a0\u00a0 Finanzas para Directivos. Ed. McGraw-Hill. 1\u00aa Edici\u00f3n. 2005.<\/p>\n<p>&#8211;\u00a0\u00a0\u00a0\u00a0\u00a0\u00a0\u00a0\u00a0 Gesti\u00f3n de carteras de renta fija. Ed. McGraw-Hill 2002.<\/p>\n<p>&#8211;\u00a0\u00a0\u00a0\u00a0\u00a0\u00a0\u00a0\u00a0 PER y valoraci\u00f3n en Bolsa. Ed. Pir\u00e1mide. 2001.<\/p>\n<p>&#8211;\u00a0\u00a0\u00a0\u00a0\u00a0\u00a0\u00a0\u00a0 Invertir en Bolsa. Conceptos y Estrategias. Ed. McGraw-Hill. 1998.<\/p>\n<p>&#8211;\u00a0\u00a0\u00a0\u00a0\u00a0\u00a0\u00a0\u00a0 Derivados Financieros. Ed. Folio. Barcelona. 1997<\/p>\n<p>&#8211;\u00a0\u00a0\u00a0\u00a0\u00a0\u00a0\u00a0\u00a0 Mercados de Capitales. Ed. Folio. Barcelona. 1997.<\/p>\n<p>&#8211;\u00a0\u00a0\u00a0\u00a0\u00a0\u00a0\u00a0\u00a0 European Book on Finance Cases. Ed. Prentice Hall. London. 1994. Contribuci\u00f3n.<\/p>\n<p>&#8211;\u00a0\u00a0\u00a0\u00a0\u00a0\u00a0\u00a0\u00a0 Futuros y Opciones en la Gesti\u00f3n de Carteras. Ed. McGraw-Hill. 1993.<\/p>\n<p>&#8211;\u00a0\u00a0\u00a0\u00a0\u00a0\u00a0\u00a0\u00a0 Eficiencia D\u00e9bil del Mercado Burs\u00e1til. Bolsa de Madrid.1993.<\/p>\n<p>&nbsp;<\/p>\n<p><em><a href=\"https:\/\/blog.iese.edu\/martinezabascal\/files\/2014\/07\/EMA-bio_english-version.21.05.2014.pdf\">English version<\/a><\/em><\/p>\n","protected":false},"excerpt":{"rendered":"<p>Eduardo Mart\u00ednez Abascal es Profesor Ordinario del IESE en el \u00e1rea de direcci\u00f3n financiera, donde ejerce la docencia desde 1992. Doctor en ciencias econ\u00f3micas y empresariales por la Universidad de Barcelona y MBA del IESE. Ha sido tambi\u00e9n visiting scholar en la Sloan School of Management del Massachussets Institute of Technology (MIT). Su \u00e1rea de [&hellip;]<\/p>\n","protected":false},"author":166,"featured_media":0,"parent":0,"menu_order":6,"comment_status":"closed","ping_status":"closed","template":"","meta":{"footnotes":""},"class_list":["post-2","page","type-page","status-publish","hentry"],"aioseo_notices":[],"_links":{"self":[{"href":"https:\/\/blog.iese.edu\/martinezabascal\/wp-json\/wp\/v2\/pages\/2","targetHints":{"allow":["GET"]}}],"collection":[{"href":"https:\/\/blog.iese.edu\/martinezabascal\/wp-json\/wp\/v2\/pages"}],"about":[{"href":"https:\/\/blog.iese.edu\/martinezabascal\/wp-json\/wp\/v2\/types\/page"}],"author":[{"embeddable":true,"href":"https:\/\/blog.iese.edu\/martinezabascal\/wp-json\/wp\/v2\/users\/166"}],"replies":[{"embeddable":true,"href":"https:\/\/blog.iese.edu\/martinezabascal\/wp-json\/wp\/v2\/comments?post=2"}],"version-history":[{"count":25,"href":"https:\/\/blog.iese.edu\/martinezabascal\/wp-json\/wp\/v2\/pages\/2\/revisions"}],"predecessor-version":[{"id":4184,"href":"https:\/\/blog.iese.edu\/martinezabascal\/wp-json\/wp\/v2\/pages\/2\/revisions\/4184"}],"wp:attachment":[{"href":"https:\/\/blog.iese.edu\/martinezabascal\/wp-json\/wp\/v2\/media?parent=2"}],"curies":[{"name":"wp","href":"https:\/\/api.w.org\/{rel}","templated":true}]}}