{"id":4075,"date":"2020-06-04T11:20:16","date_gmt":"2020-06-04T10:20:16","guid":{"rendered":"https:\/\/blog.iese.edu\/martinezabascal\/?page_id=4075"},"modified":"2021-03-03T11:12:15","modified_gmt":"2021-03-03T10:12:15","slug":"financas-para-executivos","status":"publish","type":"page","link":"https:\/\/blog.iese.edu\/martinezabascal\/financas-para-executivos\/","title":{"rendered":"Finan\u00e7as para Executivos"},"content":{"rendered":"<p><strong><a href=\"https:\/\/blog.iese.edu\/martinezabascal\/files\/2020\/06\/Finan\u00e7as-para-Executivos.jpg\"><img loading=\"lazy\" decoding=\"async\" class=\"wp-image-4072 alignleft\" src=\"https:\/\/blog.iese.edu\/martinezabascal\/files\/2020\/06\/Finan\u00e7as-para-Executivos.jpg\" alt=\"\" width=\"162\" height=\"230\" \/><\/a><\/strong><strong>Finan\u00e7as para Executivos<br \/>\n<\/strong><\/p>\n<p>McGraw-Hill<\/p>\n<p>Eduardo Mart\u00ednez Abascal<br \/>\nProfessor de Finan\u00e7as, IESE<\/p>\n<p>&nbsp;<\/p>\n<p>Esta obra tem a inten\u00e7\u00e3o de explicar os conceitos financeiros b\u00e1sicos aplicados \u00e0 realidade das empresas (finan\u00e7as corporativas), aquilo que qualquer executivo deveria entender de finan\u00e7as, seja este um executivo de marketing, do comercial, de recursos humanos, etc. Este livro pretende dar-lhe o conhecimento de finan\u00e7as necess\u00e1rio para que voc\u00ea possa compreender o diretor financeiro da sua empresa, inclusive para que possa lhe fazer perguntas sensatas.<\/p>\n<p>O conte\u00fado deste livro vem sendo utilizado nos programas de forma\u00e7\u00e3o executiva (Executive Education) e nos programas de MBA ao redor do mundo a pelo menos 5.000 pessoas nos \u00faltimos 12 anos. Destas pessoas, venho recebendo, ao longo deste per\u00edodo, muitos coment\u00e1rios e sugest\u00f5es os quais certamente me ajudaram a polir e melhorar o livro.<\/p>\n<p>A maioria dos manuais \u201ccl\u00e1ssicos\u201d de finan\u00e7as adotam a perspectiva das grandes empresas cotadas em bolsa. Nesse aspecto, esse livro \u00e9 diferente, pois \u00e9 dirigido a executivos de empresas \u201cnormais\u201d (que representam 99.5% das empresas existentes no mundo): empresas estas que n\u00e3o s\u00e3o nem grandes, nem cotadas em bolsa.<\/p>\n<p>&nbsp;<\/p>\n<p><strong><a title=\"Finance for Managers, Eduardo Mart\u00ednez-Abascal\" href=\"https:\/\/www.mheducation.es\/catalogsearch\/result\/?q=finan%C3%A7as+para+executivos\" target=\"_blank\" rel=\"noopener noreferrer\"><em>Comprar<\/em><\/a><\/strong><\/p>\n<p><strong>Tabela de conte\u00fados<\/strong><\/p>\n<p>1. Finan\u00e7as Operacionais (I): An\u00e1lise e diagn\u00f3stico<\/p>\n<p>2. Finan\u00e7as Operacionais (II): Previs\u00e3o financeira<\/p>\n<p>3. Caso Pr\u00e1tico e sua Resolu\u00e7\u00e3o<\/p>\n<p>4. Produtos banc\u00e1rios para obten\u00e7\u00e3o de financiamento<\/p>\n<p>5. C\u00e1lculo financeiro com Excel<\/p>\n<p>6. Introdu\u00e7\u00e3o \u00e0s finan\u00e7as estruturais<\/p>\n<p>7. An\u00e1lise de projetos de investimento<\/p>\n<p>8. Casos de An\u00e1lise de Decis\u00f5es de Investimento<\/p>\n<p>9. Decis\u00f5es sobre Financiamento: D\u00edvida vs. Capital<\/p>\n<p>10. Valuation de Empresas: Um resumo<\/p>\n<p>Respostas e solu\u00e7oes \u00e0s perguntas de autoavalia\u00e7ao<\/p>\n<p>Dicion\u00e1rio Ingl\u00eas &#8211; Espanhol &#8211; Portugu\u00eas<\/p>\n<p>Equivalencia de siglas e termos utilizados Espanhol &#8211; Ingl\u00eas &#8211; Portugu\u00eas<\/p>\n<p>\u00cdndice alfab\u00e9tico<\/p>\n<p>&nbsp;<\/p>\n<p><strong>Anexos em Espanhol, Ingl\u00eas e Portugu\u00eas<br \/>\n<\/strong><\/p>\n<ul>\n<li><a href=\"https:\/\/blog.iese.edu\/martinezabascal\/files\/2020\/06\/Chapter-1.-Exhibits-y-Anexos.xlsx\">Capitulo 1 Anexos<\/a><\/li>\n<li><a href=\"https:\/\/blog.iese.edu\/martinezabascal\/files\/2020\/06\/Chapter-2.-Exhibits-y-Anexos.xlsx\">Capitulo 2 Anexos<\/a><\/li>\n<li><a href=\"https:\/\/blog.iese.edu\/martinezabascal\/files\/2020\/06\/Chapter-3.-Exhibits-y-Anexos.xlsx\">Capitulo 3 Anexos<\/a><\/li>\n<li><a href=\"https:\/\/blog.iese.edu\/martinezabascal\/files\/2021\/02\/Chapter-4.-Exhibits-y-Anexos.xlsm\">Capitulo 4\u00a0 Anexos<\/a><\/li>\n<li><a href=\"https:\/\/blog.iese.edu\/martinezabascal\/files\/2020\/06\/Chapter-5.-Exhibits-y-Anexos.xlsx\">Capitulo 5 Anexos<\/a><\/li>\n<li><a href=\"https:\/\/blog.iese.edu\/martinezabascal\/files\/2020\/06\/Chapter-6.-Exhibits-y-Anexos.xlsx\">Capitulo 6 Anexos<\/a><\/li>\n<li><a href=\"https:\/\/blog.iese.edu\/martinezabascal\/files\/2020\/06\/Chapter-7.-Exhibits-y-Anexos.xlsx\">Capitulo 7 Anexos<\/a><\/li>\n<li><a href=\"https:\/\/blog.iese.edu\/martinezabascal\/files\/2020\/06\/Chapter-8.-Anexos-unicamente-em-Portugu\u00eas.xls\">Capitulo 8 Anexos (\u00fanicamente em Portugu\u00eas)<\/a><\/li>\n<li><a href=\"https:\/\/blog.iese.edu\/martinezabascal\/files\/2020\/06\/Chapter-9.-Exhibits-y-Anexos.xlsx\">Capitulo 9 Anexos<\/a><\/li>\n<li><a href=\"https:\/\/blog.iese.edu\/martinezabascal\/files\/2020\/06\/Chapter-10.-Exhibits-y-Anexos.xlsx\">Capitulo 10 Anexos<\/a><\/li>\n<\/ul>\n<p>&nbsp;<\/p>\n<p>&nbsp;<\/p>\n","protected":false},"excerpt":{"rendered":"<p>Finan\u00e7as para Executivos McGraw-Hill Eduardo Mart\u00ednez Abascal Professor de Finan\u00e7as, IESE &nbsp; Esta obra tem a inten\u00e7\u00e3o de explicar os conceitos financeiros b\u00e1sicos aplicados \u00e0 realidade das empresas (finan\u00e7as corporativas), aquilo que qualquer executivo deveria entender de finan\u00e7as, seja este um executivo de marketing, do comercial, de recursos humanos, etc. Este livro pretende dar-lhe o [&hellip;]<\/p>\n","protected":false},"author":165,"featured_media":0,"parent":0,"menu_order":0,"comment_status":"closed","ping_status":"closed","template":"","meta":{"footnotes":""},"class_list":["post-4075","page","type-page","status-publish","hentry"],"aioseo_notices":[],"_links":{"self":[{"href":"https:\/\/blog.iese.edu\/martinezabascal\/wp-json\/wp\/v2\/pages\/4075","targetHints":{"allow":["GET"]}}],"collection":[{"href":"https:\/\/blog.iese.edu\/martinezabascal\/wp-json\/wp\/v2\/pages"}],"about":[{"href":"https:\/\/blog.iese.edu\/martinezabascal\/wp-json\/wp\/v2\/types\/page"}],"author":[{"embeddable":true,"href":"https:\/\/blog.iese.edu\/martinezabascal\/wp-json\/wp\/v2\/users\/165"}],"replies":[{"embeddable":true,"href":"https:\/\/blog.iese.edu\/martinezabascal\/wp-json\/wp\/v2\/comments?post=4075"}],"version-history":[{"count":12,"href":"https:\/\/blog.iese.edu\/martinezabascal\/wp-json\/wp\/v2\/pages\/4075\/revisions"}],"predecessor-version":[{"id":4138,"href":"https:\/\/blog.iese.edu\/martinezabascal\/wp-json\/wp\/v2\/pages\/4075\/revisions\/4138"}],"wp:attachment":[{"href":"https:\/\/blog.iese.edu\/martinezabascal\/wp-json\/wp\/v2\/media?parent=4075"}],"curies":[{"name":"wp","href":"https:\/\/api.w.org\/{rel}","templated":true}]}}