{"id":469,"date":"2011-01-13T16:54:35","date_gmt":"2011-01-13T15:54:35","guid":{"rendered":"https:\/\/blog.iese.edu\/martinezabascal\/"},"modified":"2021-04-15T10:57:42","modified_gmt":"2021-04-15T09:57:42","slug":"finanzas-para-directivos","status":"publish","type":"page","link":"https:\/\/blog.iese.edu\/martinezabascal\/books\/finanzas-para-directivos\/","title":{"rendered":"Finanzas para Directivos"},"content":{"rendered":"<p><img loading=\"lazy\" decoding=\"async\" class=\"size-full wp-image-331 alignleft\" src=\"https:\/\/blog.iese.edu\/martinezabascal\/files\/2010\/06\/finanzas-para-directivos.jpg\" alt=\"\" width=\"86\" height=\"142\" \/><b><\/b><\/p>\n<p><b><a title=\"Finanzas para directivos\" href=\"https:\/\/blog.iese.edu\/martinezabascal\/books\/finanzas-para-directivos-2012\/\">Vea la nueva versi\u00f3n actualizada<\/a> (2012)<\/b><\/p>\n<p>Este libro intenta explicar de la manera m\u00e1s sencilla y pr\u00e1ctica posible, lo que un directivo no financiero debe saber sobre finanzas. Pretende mostrar c\u00f3mo afectar\u00e1n sus decisiones en marketing, producci\u00f3n, etc., a la cuenta de resultados, al balance y por tanto a la imagen financiera de la empresa.<\/p>\n<p>Contenido: An\u00e1lisis y previsi\u00f3n de cuenta de resultados y balance; C\u00e1lculo financiero con Excel; Gesti\u00f3n del circulante; An\u00e1lisis de inversiones o gesti\u00f3n del activo fijo; Decisiones de financiaci\u00f3n, deuda y recursos propios; Valoraci\u00f3n de empresas.<\/p>\n<p>El libro recoge material b\u00e1sico utilizado en el IESE en los cursos de formaci\u00f3n de directivos y de MBA. Tambi\u00e9n puede usarse con estudiantes universitarios de \u00faltimos cursos de carrera.<\/p>\n<p><strong>Tabla de Contenidos<\/strong><\/p>\n<p>1. Finanzas operativas (I). An\u00e1lisis y diagn\u00f3stico financiero.<br \/>\n2. Finanzas operativas (II). Previsi\u00f3n financiera y plan de acci\u00f3n.<br \/>\n3. Caso pr\u00e1ctico. Financiaci\u00f3n del crecimiento.<br \/>\n4. Caso pr\u00e1ctico resuelto.<br \/>\n5. C\u00e1lculo financiero con excel.<br \/>\n6. Introducci\u00f3n a las finanzas estructurales.<br \/>\n7. An\u00e1lisis de proyectos de inversi\u00f3n.<br \/>\n8. Casos de an\u00e1lisis de proyectos de inversi\u00f3n.<br \/>\n9. Decisiones sobre deuda y capital.<br \/>\n10. Valoraci\u00f3n de empresas. Un resumen. Vocabulario ingl\u00e9s-espa\u00f1ol.<\/p>\n<p><strong>Tablas:<\/strong><\/p>\n<div>\n<ul>\n<li><a href=\"https:\/\/blog.iese.edu\/martinezabascal\/files\/2010\/08\/Cap-1-Tablas.xls\" target=\"_blank\" rel=\"noopener noreferrer\">Cap\u00edtulo 1<\/a><\/li>\n<li><a href=\"https:\/\/blog.iese.edu\/martinezabascal\/files\/2010\/08\/Cap-2-Tablas.xls\">Cap\u00edtulo 2<\/a><\/li>\n<li><a href=\"https:\/\/blog.iese.edu\/martinezabascal\/files\/2010\/08\/Cap-3-Tablas.xls\">Cap\u00edtulo 3<\/a><\/li>\n<li><a href=\"https:\/\/blog.iese.edu\/martinezabascal\/files\/2010\/08\/Cap-4-Tablas.xls\">Cap\u00edtulo 4<\/a><\/li>\n<li>Cap\u00edtulo 5 (no dispone de tablas)<\/li>\n<li><a href=\"https:\/\/blog.iese.edu\/martinezabascal\/files\/2010\/08\/Cap-6-Tablas.xls\">Cap\u00edtulo 6<\/a><\/li>\n<li><a href=\"https:\/\/blog.iese.edu\/martinezabascal\/files\/2010\/08\/Cap-7-Tablas.xls\">Cap\u00edtulo 7<\/a><\/li>\n<li><a href=\"https:\/\/blog.iese.edu\/martinezabascal\/files\/2010\/08\/Cap-8-Tablas.xls\">Cap\u00edtulo 8<\/a><\/li>\n<li>Cap\u00edtulo 9 (no dispone de tablas)<\/li>\n<li><a href=\"https:\/\/blog.iese.edu\/martinezabascal\/files\/2010\/08\/Cap-10-Tablas.xls\">Cap\u00edtulo 10<\/a><\/li>\n<\/ul>\n<\/div>\n<p><span style=\"color: #ff0000\"><a style=\"color: #ff0000\" href=\"https:\/\/www.iese.edu\/es\/claustro-investigacion\/claustro\/eduardo-martinez-abascal\/\">Eduardo Mart\u00ednez Abascal<\/a><\/span> es Profesor Ordinario del<span style=\"color: #ff0000\"><a style=\"color: #ff0000\" href=\"https:\/\/www.iese.edu\/es\/\"> IESE<\/a> <\/span>en el \u00e1rea de <span style=\"color: #ff0000\"><a style=\"color: #ff0000\" href=\"https:\/\/www.iese.edu\/es\/claustro-investigacion\/departamentos-academicos\/direccion-financiera\/\">Direcci\u00f3n Financiera<\/a><\/span>.<\/p>\n","protected":false},"excerpt":{"rendered":"<p>Vea la nueva versi\u00f3n actualizada (2012) Este libro intenta explicar de la manera m\u00e1s sencilla y pr\u00e1ctica posible, lo que un directivo no financiero debe saber sobre finanzas. Pretende mostrar c\u00f3mo afectar\u00e1n sus decisiones en marketing, producci\u00f3n, etc., a la cuenta de resultados, al balance y por tanto a la imagen financiera de la empresa. [&hellip;]<\/p>\n","protected":false},"author":166,"featured_media":0,"parent":19,"menu_order":0,"comment_status":"closed","ping_status":"closed","template":"","meta":{"footnotes":""},"class_list":["post-469","page","type-page","status-publish","hentry"],"aioseo_notices":[],"_links":{"self":[{"href":"https:\/\/blog.iese.edu\/martinezabascal\/wp-json\/wp\/v2\/pages\/469","targetHints":{"allow":["GET"]}}],"collection":[{"href":"https:\/\/blog.iese.edu\/martinezabascal\/wp-json\/wp\/v2\/pages"}],"about":[{"href":"https:\/\/blog.iese.edu\/martinezabascal\/wp-json\/wp\/v2\/types\/page"}],"author":[{"embeddable":true,"href":"https:\/\/blog.iese.edu\/martinezabascal\/wp-json\/wp\/v2\/users\/166"}],"replies":[{"embeddable":true,"href":"https:\/\/blog.iese.edu\/martinezabascal\/wp-json\/wp\/v2\/comments?post=469"}],"version-history":[{"count":22,"href":"https:\/\/blog.iese.edu\/martinezabascal\/wp-json\/wp\/v2\/pages\/469\/revisions"}],"predecessor-version":[{"id":4147,"href":"https:\/\/blog.iese.edu\/martinezabascal\/wp-json\/wp\/v2\/pages\/469\/revisions\/4147"}],"up":[{"embeddable":true,"href":"https:\/\/blog.iese.edu\/martinezabascal\/wp-json\/wp\/v2\/pages\/19"}],"wp:attachment":[{"href":"https:\/\/blog.iese.edu\/martinezabascal\/wp-json\/wp\/v2\/media?parent=469"}],"curies":[{"name":"wp","href":"https:\/\/api.w.org\/{rel}","templated":true}]}}