{"id":97,"date":"2011-09-16T12:25:49","date_gmt":"2011-09-16T12:25:49","guid":{"rendered":"https:\/\/blog.iese.edu\/martinezdealbeniz\/?page_id=97"},"modified":"2025-01-16T17:20:14","modified_gmt":"2025-01-16T16:20:14","slug":"awards","status":"publish","type":"page","link":"https:\/\/blog.iese.edu\/martinezdealbeniz\/awards\/","title":{"rendered":"Awards and Grants"},"content":{"rendered":"<p><strong>Awards<\/strong><\/p>\n<p>MSOM Young Scholar Prize, 2018.<\/p>\n<p>Premio Sabadell Herrero a la Investigaci\u00f3n Econ\u00f3mica, 2015. For more information, see <a href=\"http:\/\/prensa.bancsabadell.com\/es\/Noticias\/2015\/06\/victor-martinez-de-albeniz--xiv-premio-sabadell-herrero-a-la-investigacion-economica\" target=\"_blank\" rel=\"noopener noreferrer\">here<\/a>.<\/p>\n<p>&#8220;Split Award Auctions for Supplier Retention&#8221; (co-authored with A. Chaturvedi and D. Beil), 2014 IESE Research Excellence Award.<\/p>\n<p>&#8220;Product and Price Competition with Satiation Effects&#8221; (co-authored with F. Caro), 2010 winner of the JFIG paper competition for best paper of the year written by junior faculty.<\/p>\n<p>&#8220;Competition in the Supply Option Market&#8221; (co-authored with D. Simchi-Levi), 2010 IESE Research Excellence Award.<\/p>\n<p>&#8220;A Portfolio Approach to Procurement Contracts&#8221;, 2003 finalist of the INFORMS George E. Nicholson student paper competition, and finalist of the M&amp;SOM student paper competition.<\/p>\n<p><strong>Research grants<\/strong><\/p>\n<p>IESE High Impact Grant 2024-2026: Learning analytics: a Process view for Education (Ref. HI2024.V.M.Alb\u00e9niz). Total financing: 242,000 Euros. Principal Investigator: Prof. V. Mart\u00ednez de Alb\u00e9niz.<\/p>\n<p>Ministry of Science and Innovation of Spain 2021-2024: Data-driven competitive advantage: the information edge in operations management (Ref. PID2020-116135GB-I00). Total financing: 74,197.20 Euros. Principal Investigators: Profs. V. Mart\u00ednez de Alb\u00e9niz and M. Markakis.<\/p>\n<p>La Caixa Foundation RecerCaixa Grant 2018-2019: Big Data for Social Inclusion. Total financing: 86,283 Euros. Principal Investigator: Prof. V. Mart\u00ednez de Alb\u00e9niz. Project website <a href=\"https:\/\/social-inclusion.iese.edu\/\" target=\"_blank\" rel=\"noopener noreferrer\">here<\/a>.<\/p>\n<p>Ministry of Science and Innovation of Spain 2015-2017: Retail Supply Chain Models: Estimation and Optimization (Ref. ECO2014-59998-P). Total financing: 26,620 Euros. Principal Investigator: Prof. V. Mart\u00ednez de Alb\u00e9niz.<\/p>\n<p>ERC Starting Grant 2012-2017: Reactive Operations Models for a Changing World (Ref. ERC-2011-StG 283300-REACTOPS). Total financing: 947,274 Euros. Principal Investigator: Prof. V. Mart\u00ednez de Alb\u00e9niz.<\/p>\n<p>Ministry of Science and Innovation of Spain 2012-2014: Advances in Dynamic Models for Supply Chain Management (Ref. ECO2011-29536). Total financing: 36,300 Euros. Principal Investigator: Prof. V. Mart\u00ednez de Alb\u00e9niz.<\/p>\n<p>Ministry of Science and Innovation of Spain 2009-2011: Advances in Industrial Economics, game theory and finance (Ref. ECO2008-05155\/ECON). Total financing: 144,000 Euros. Principal Investigator: Prof. X. Vives.<\/p>\n","protected":false},"excerpt":{"rendered":"<p>Awards MSOM Young Scholar Prize, 2018. Premio Sabadell Herrero a la Investigaci\u00f3n Econ\u00f3mica, 2015. For more information, see here. &#8220;Split Award Auctions for Supplier Retention&#8221; (co-authored with A. Chaturvedi and D. Beil), 2014 IESE Research Excellence Award. &#8220;Product and Price Competition with Satiation Effects&#8221; (co-authored with F. Caro), 2010 winner of the JFIG paper competition [&hellip;]<\/p>\n","protected":false},"author":13,"featured_media":0,"parent":0,"menu_order":4,"comment_status":"open","ping_status":"open","template":"","meta":{"footnotes":""},"class_list":["post-97","page","type-page","status-publish","hentry"],"aioseo_notices":[],"_links":{"self":[{"href":"https:\/\/blog.iese.edu\/martinezdealbeniz\/wp-json\/wp\/v2\/pages\/97","targetHints":{"allow":["GET"]}}],"collection":[{"href":"https:\/\/blog.iese.edu\/martinezdealbeniz\/wp-json\/wp\/v2\/pages"}],"about":[{"href":"https:\/\/blog.iese.edu\/martinezdealbeniz\/wp-json\/wp\/v2\/types\/page"}],"author":[{"embeddable":true,"href":"https:\/\/blog.iese.edu\/martinezdealbeniz\/wp-json\/wp\/v2\/users\/13"}],"replies":[{"embeddable":true,"href":"https:\/\/blog.iese.edu\/martinezdealbeniz\/wp-json\/wp\/v2\/comments?post=97"}],"version-history":[{"count":27,"href":"https:\/\/blog.iese.edu\/martinezdealbeniz\/wp-json\/wp\/v2\/pages\/97\/revisions"}],"predecessor-version":[{"id":598,"href":"https:\/\/blog.iese.edu\/martinezdealbeniz\/wp-json\/wp\/v2\/pages\/97\/revisions\/598"}],"wp:attachment":[{"href":"https:\/\/blog.iese.edu\/martinezdealbeniz\/wp-json\/wp\/v2\/media?parent=97"}],"curies":[{"name":"wp","href":"https:\/\/api.w.org\/{rel}","templated":true}]}}