{"id":10,"date":"2010-08-13T03:51:14","date_gmt":"2010-08-13T02:51:14","guid":{"rendered":"https:\/\/blog.iese.edu\/moscoso\/?page_id=10"},"modified":"2020-05-21T16:55:21","modified_gmt":"2020-05-21T15:55:21","slug":"business-press-articlesspanish","status":"publish","type":"page","link":"https:\/\/blog.iese.edu\/moscoso\/business-press-articlesspanish\/","title":{"rendered":"Business Press Articles"},"content":{"rendered":"<ul>\n<li>MOSCOSO, PH. (2017). El desaf\u00edo: \u00bfC\u00f3mo no morir de \u00e9xito? El Peri\u00f3dico de Catalunya, 27 de junio, 2017, (<a href=\"https:\/\/blog.iese.edu\/moscoso\/files\/2017\/06\/Saturacion-EP.pdf\">pdf<\/a>), p.5<\/li>\n<li>MOSCOSO, PH. and RIBERA, J. (2015). Late And Over-Budget? A Method To Avoid Project Management Disasters, <em>Forbes<\/em>, March 15th.<\/li>\n<li>MOSCOSO, PH. (2013). La moda espa\u00f1ola est\u00e1 de moda (<a href=\"https:\/\/blog.iese.edu\/moscoso\/files\/2013\/09\/Moda-de-moda.pdf\">pdf<\/a>), El Peri\u00f3dico de Catalunya, 24 de spetiembre, 2013,\u00a0p.13<\/li>\n<li>MOSCOSO, PH. (2013). \u00a1Acci\u00f3n, por favor! (<a href=\"https:\/\/blog.iese.edu\/moscoso\/files\/2013\/07\/Accion-PMO.pdf\">pdf<\/a>), Expansi\u00f3n, 11 de julio de 2013, p. 47<\/li>\n<li>MOSCOSO, PH. (2013). Visi\u00f3n de largo plazo (<a title=\"Vision largo plazo\" href=\"https:\/\/blog.iese.edu\/moscoso\/files\/2013\/06\/Largo-plazo-PMO.pdf\">pdf<\/a>), Executive Excellence,\u00a027 de junio, 2013, p. 21<\/li>\n<li>MOSCOSO, PH. (2012). Un mito se tambalea (<a title=\"Mito tambalea\" href=\"https:\/\/blog.iese.edu\/moscoso\/files\/2012\/12\/Mito-tambalea.pdf\">pdf<\/a>), Expansi\u00f3n, 17 de diciembre, p. 38<\/li>\n<li>MOSCOSO, PH. (2010). Que suene la m\u00fasica (<a href=\"https:\/\/blog.iese.edu\/moscoso\/files\/2010\/08\/1.Moscoso-Musica.pdf\">pdf<\/a>),\u00a0Cinco D\u00edas, 23 de febrero de 2010, p. 115<\/li>\n<li>MOSCOSO, PH. (2009). Para capear la crisis, \u00bfrecortar costes o precios? (<a href=\"https:\/\/blog.iese.edu\/moscoso\/files\/2010\/08\/2.ReduccionCostes1.pdf\">pdf<\/a>),\u00a0Cinco D\u00edas, 16 de febrero de 2009, p. 14<\/li>\n<li>MOSCOSO, PH. (2008). La culpa es de las personas, no del modelo de banca,\u00a0Cinco D\u00edas, 10 de octubre de 2008, p. 19<\/li>\n<li>MOSCOSO, PH. (2008). Cuando las aparencias s\u00ed enga\u00f1ana (<a href=\"https:\/\/blog.iese.edu\/moscoso\/files\/2010\/08\/4.LasAparenciasEnganan.pdf\">pdf<\/a>),\u00a0Expansi\u00f3n, 12 de mayo de 2008, p. 46<\/li>\n<li>MOSCOSO, PH. (2007). El valor de la clientela (<a href=\"https:\/\/blog.iese.edu\/moscoso\/files\/2010\/08\/5.ValorClientela.pdf\">pdf<\/a>),\u00a0El Pa\u00eds Negocios, 11 de noviembre de 2007, p. 4.<\/li>\n<li>MOSCOSO, PH.\u00a0(2007). J\u00f3venes con esp\u00edritu global (<a href=\"https:\/\/blog.iese.edu\/moscoso\/files\/2010\/08\/6.JovenesGlobales.pdf\">pdf<\/a>),\u00a0Expansi\u00f3n, 9 de junio de 2007, p. 57.<\/li>\n<li>MOSCOSO, PH.\u00a0(2007). La desindustrializaci\u00f3n de Espa\u00f1a (<a href=\"https:\/\/blog.iese.edu\/moscoso\/files\/2010\/08\/7.DesindustrializacionEspana.pdf\">pdf<\/a>), \u00bfpreocupante?,\u00a0Expansi\u00f3n, 24 de mayo de 2007, p. 78.<\/li>\n<li>MOSCOSO, PH.\u00a0(2007). El m\u00e1ximo partido (<a href=\"https:\/\/blog.iese.edu\/moscoso\/files\/2010\/08\/8.NotaCB.pdf\">pdf<\/a>),\u00a0El Pa\u00eds Negocios, 4 de marzo de 2007, p. 4.<\/li>\n<li>MOSCOSO, PH.\u00a0(2007). El gran reto de la seguridad a\u00e9rea (<a href=\"https:\/\/blog.iese.edu\/moscoso\/files\/2010\/08\/9.El-gran-reto.pdf\">pdf<\/a>),\u00a0Expansi\u00f3n, 20 de enero de 2007, p. 53.<\/li>\n<li>MOSCOSO, PH., LAGO A. (2006). Una buena l\u00ednea a\u00e9rea de bajo coste,\u00a0Actualidad Econ\u00f3mica, Enero, p 9.<\/li>\n<li>MOSCOSO, PH. (2005). Innovar en operaciones, fuente de ventaja competitiva,\u00a0Expansi\u00f3n, 8 de noviembre de 2005, p. 62.<\/li>\n<\/ul>\n","protected":false},"excerpt":{"rendered":"<p>MOSCOSO, PH. (2017). El desaf\u00edo: \u00bfC\u00f3mo no morir de \u00e9xito? El Peri\u00f3dico de Catalunya, 27 de junio, 2017, (pdf), p.5 MOSCOSO, PH. and RIBERA, J. (2015). Late And Over-Budget? A Method To Avoid Project Management Disasters, Forbes, March 15th. MOSCOSO, PH. (2013). La moda espa\u00f1ola est\u00e1 de moda (pdf), El Peri\u00f3dico de Catalunya, 24 de [&hellip;]<\/p>\n","protected":false},"author":12,"featured_media":0,"parent":0,"menu_order":3,"comment_status":"open","ping_status":"closed","template":"","meta":{"footnotes":""},"class_list":["post-10","page","type-page","status-publish","hentry"],"aioseo_notices":[],"_links":{"self":[{"href":"https:\/\/blog.iese.edu\/moscoso\/wp-json\/wp\/v2\/pages\/10","targetHints":{"allow":["GET"]}}],"collection":[{"href":"https:\/\/blog.iese.edu\/moscoso\/wp-json\/wp\/v2\/pages"}],"about":[{"href":"https:\/\/blog.iese.edu\/moscoso\/wp-json\/wp\/v2\/types\/page"}],"author":[{"embeddable":true,"href":"https:\/\/blog.iese.edu\/moscoso\/wp-json\/wp\/v2\/users\/12"}],"replies":[{"embeddable":true,"href":"https:\/\/blog.iese.edu\/moscoso\/wp-json\/wp\/v2\/comments?post=10"}],"version-history":[{"count":25,"href":"https:\/\/blog.iese.edu\/moscoso\/wp-json\/wp\/v2\/pages\/10\/revisions"}],"predecessor-version":[{"id":360,"href":"https:\/\/blog.iese.edu\/moscoso\/wp-json\/wp\/v2\/pages\/10\/revisions\/360"}],"wp:attachment":[{"href":"https:\/\/blog.iese.edu\/moscoso\/wp-json\/wp\/v2\/media?parent=10"}],"curies":[{"name":"wp","href":"https:\/\/api.w.org\/{rel}","templated":true}]}}