{"id":36,"date":"2009-02-25T19:26:53","date_gmt":"2009-02-25T18:26:53","guid":{"rendered":"http:\/\/www.nuriachinchilla.com\/?page_id=36"},"modified":"2009-02-25T19:26:53","modified_gmt":"2009-02-25T18:26:53","slug":"la-ambicion-femenina","status":"publish","type":"page","link":"https:\/\/blog.iese.edu\/nuriachinchilla\/mis-libros\/la-ambicion-femenina\/","title":{"rendered":"La Ambici\u00f3n Femenina"},"content":{"rendered":"<div class=\"libros\"><a href=\"http:\/\/www.casadellibro.com\/libro-la-ambicion-femenina-como-re-conciliar-trabajo-y-familia\/2900001034949\" target=\"_blank\"><img loading=\"lazy\" decoding=\"async\" src=\"\/wp-content\/uploads\/2009\/03\/la-ambicion-femenina.jpg\" alt=\"Portada de La Ambici\u00f3n Femenina\" width=\"190\" height=\"220\" \/><\/a><\/p>\n<h3 class=\"como\">C\u00f3mo re-conciliar Trabajo y Familia<\/h3>\n<p>Autoras: Nuria Chinchilla y Consuelo Le\u00f3n<\/p>\n<p>P\u00e1ginas: 182<\/p>\n<p>Editorial: Aguilar<\/p>\n<p>Fecha: 2004<\/p>\n<p>La mujer del siglo XXI quiere ser madre, esposa, profesional, ciudadana&#8230; La incorporaci\u00f3n de la mujer al mercado laboral ha supuesto grand\u00edsimos cambios, tanto dentro del mundo del trabajo, como en el \u00e1mbito familiar y el social. Y no hay vuelta atr\u00e1s. Pero, como dicen Nuria Chinchilla y Consuelo Le\u00f3n, autoras de La ambici\u00f3n femenina. C\u00f3mo re-conciliar trabajo y familia, \u201caunque es cierto que todo est\u00e1 cambiando, no todo est\u00e1 resuelto\u201d. Principalmente, no est\u00e1 bien resuelto para la mujer c\u00f3mo conciliar la maternidad y la vida familiar con el trabajo sin renunciar, en ning\u00fan caso, a su condici\u00f3n de mujer. A lo largo del libro, se plantea la necesidad de romper ciertos moldes asentados en la cultura empresarial y demostrar que la mujer tiene mucho que aportar y que ense\u00f1ar en un mundo laboral tan masculino. Sobre todo, aquellas caracter\u00edsticas propias de su condici\u00f3n de mujer y madre, verdadera riqueza complementaria al var\u00f3n, de cara al mundo laboral. \u00bfO es que la familia, tradicionalmente responsabilidad de las mujeres, no es una gran empresa que requiere una direcci\u00f3n que organice, ponga orden, disciplina y, adem\u00e1s, mucha humanidad?<\/p>\n<p>De este problema, de c\u00f3mo encajar de forma satisfactoria la maternidad en la empresa buscando v\u00edas y soluciones alternativas, y de c\u00f3mo lo viven mujeres de carne y hueso (el texto recoge un gran n\u00famero de testimonios de mujeres, todas ellas con cargos de responsabilidad) trata este libro que ya en su introducci\u00f3n aclara cu\u00e1l es la meta a conseguir: \u201cAsegurar un contexto de libertad para que cada familia y cada mujer puedan elegir\u201d. Y es que el 60% de las mujeres ambiciona compatibilizar trabajo y familia. Otro 20% opta en exclusiva por su familia y el 20% restante, por su trabajo.<\/p>\n<p>\u201cLa ambici\u00f3n femenina es lograr un \u00e9xito total que responda a los diversos roles y facetas de la vida. Es la suma del \u00e9xito personal, personal, social y familiar. Podemos triunfar en todos ellos si no olvidamos ninguno y si tenemos claras nuestra misi\u00f3n, roles y prioridades, y tratamos de actuar en consecuencia. La ambici\u00f3n femenina es lograr un \u00e9xito total que responda a los distintos roles y facetas de la vida\u201d. La herramienta b\u00e1sica para esto es la gesti\u00f3n del tiempo personal, familiar  y profesional.<\/p>\n<p>\u201c<a title=\"Web de amazon.com\" href=\"http:\/\/www.amazon.com\/Ambicion-Femenina-Re-Conciliar-Trabajo-Familia\/dp\/840309437X\/ref=sr_1_2?ie=UTF8&amp;s=books&amp;qid=1235580967&amp;sr=1-2\">La Ambici\u00f3n Femenina<\/a>\u201d en Amazon (compra online)<\/div>\n<p><!-- end .libros --><\/p>\n","protected":false},"excerpt":{"rendered":"<p>C\u00f3mo re-conciliar Trabajo y Familia Autoras: Nuria Chinchilla y Consuelo Le\u00f3n P\u00e1ginas: 182 Editorial: Aguilar Fecha: 2004 La mujer del siglo XXI quiere ser madre, esposa, profesional, ciudadana&#8230; La incorporaci\u00f3n de la mujer al mercado laboral ha supuesto grand\u00edsimos cambios, tanto dentro del mundo del trabajo, como en el \u00e1mbito familiar y el social. Y [&hellip;]<\/p>\n","protected":false},"author":1,"featured_media":0,"parent":9,"menu_order":0,"comment_status":"closed","ping_status":"closed","template":"","meta":{"footnotes":""},"class_list":["post-36","page","type-page","status-publish","hentry"],"_links":{"self":[{"href":"https:\/\/blog.iese.edu\/nuriachinchilla\/wp-json\/wp\/v2\/pages\/36","targetHints":{"allow":["GET"]}}],"collection":[{"href":"https:\/\/blog.iese.edu\/nuriachinchilla\/wp-json\/wp\/v2\/pages"}],"about":[{"href":"https:\/\/blog.iese.edu\/nuriachinchilla\/wp-json\/wp\/v2\/types\/page"}],"author":[{"embeddable":true,"href":"https:\/\/blog.iese.edu\/nuriachinchilla\/wp-json\/wp\/v2\/users\/1"}],"replies":[{"embeddable":true,"href":"https:\/\/blog.iese.edu\/nuriachinchilla\/wp-json\/wp\/v2\/comments?post=36"}],"version-history":[{"count":0,"href":"https:\/\/blog.iese.edu\/nuriachinchilla\/wp-json\/wp\/v2\/pages\/36\/revisions"}],"up":[{"embeddable":true,"href":"https:\/\/blog.iese.edu\/nuriachinchilla\/wp-json\/wp\/v2\/pages\/9"}],"wp:attachment":[{"href":"https:\/\/blog.iese.edu\/nuriachinchilla\/wp-json\/wp\/v2\/media?parent=36"}],"curies":[{"name":"wp","href":"https:\/\/api.w.org\/{rel}","templated":true}]}}