{"id":700,"date":"2009-09-10T08:15:04","date_gmt":"2009-09-10T07:15:04","guid":{"rendered":"http:\/\/www.nuriachinchilla.com\/?page_id=700"},"modified":"2022-06-18T19:49:16","modified_gmt":"2022-06-18T18:49:16","slug":"emprendiendo-en-femenino","status":"publish","type":"page","link":"https:\/\/blog.iese.edu\/nuriachinchilla\/emprendiendo-en-femenino\/","title":{"rendered":"Emprendiendo en femenino"},"content":{"rendered":"<div class=\"libros\">\n<p><img loading=\"lazy\" decoding=\"async\" class=\"size-full wp-image-13047 alignleft\" src=\"https:\/\/blog.iese.edu\/nuriachinchilla\/files\/2022\/06\/31ezBempendiendo.jpg\" alt=\"\" width=\"146\" height=\"199\" \/><\/p>\n<h3>Emprendiendo en femenino<\/h3>\n<p>Autoras: Nuria Chinchilla, Pilar Garc\u00eda y Anna Mercad\u00e9<\/p>\n<p>P\u00e1ginas: 158<\/p>\n<p>Editorial: Gesti\u00f3n 2000<\/p>\n<p>Fecha: 1999<\/p>\n<p>Este libro es un estudio perfectamente documentado, de lo que est\u00e1 ocurriendo hoy en el mundo occidental y una prospecci\u00f3n optimista hacia el futuro respecto al tri\u00e1ngulo Mujer &#8211; Trabajo \u2013 Familia<\/p>\n<p>&nbsp;<\/p>\n<\/div>\n<p><!-- end .libros --><\/p>\n","protected":false},"excerpt":{"rendered":"<p>Emprendiendo en femenino Autoras: Nuria Chinchilla, Pilar Garc\u00eda y Anna Mercad\u00e9 P\u00e1ginas: 158 Editorial: Gesti\u00f3n 2000 Fecha: 1999 Este libro es un estudio perfectamente documentado, de lo que est\u00e1 ocurriendo hoy en el mundo occidental y una prospecci\u00f3n optimista hacia el futuro respecto al tri\u00e1ngulo Mujer &#8211; Trabajo \u2013 Familia &nbsp;<\/p>\n","protected":false},"author":1,"featured_media":0,"parent":0,"menu_order":0,"comment_status":"open","ping_status":"open","template":"","meta":{"footnotes":""},"class_list":["post-700","page","type-page","status-publish","hentry"],"_links":{"self":[{"href":"https:\/\/blog.iese.edu\/nuriachinchilla\/wp-json\/wp\/v2\/pages\/700","targetHints":{"allow":["GET"]}}],"collection":[{"href":"https:\/\/blog.iese.edu\/nuriachinchilla\/wp-json\/wp\/v2\/pages"}],"about":[{"href":"https:\/\/blog.iese.edu\/nuriachinchilla\/wp-json\/wp\/v2\/types\/page"}],"author":[{"embeddable":true,"href":"https:\/\/blog.iese.edu\/nuriachinchilla\/wp-json\/wp\/v2\/users\/1"}],"replies":[{"embeddable":true,"href":"https:\/\/blog.iese.edu\/nuriachinchilla\/wp-json\/wp\/v2\/comments?post=700"}],"version-history":[{"count":3,"href":"https:\/\/blog.iese.edu\/nuriachinchilla\/wp-json\/wp\/v2\/pages\/700\/revisions"}],"predecessor-version":[{"id":13050,"href":"https:\/\/blog.iese.edu\/nuriachinchilla\/wp-json\/wp\/v2\/pages\/700\/revisions\/13050"}],"wp:attachment":[{"href":"https:\/\/blog.iese.edu\/nuriachinchilla\/wp-json\/wp\/v2\/media?parent=700"}],"curies":[{"name":"wp","href":"https:\/\/api.w.org\/{rel}","templated":true}]}}