{"id":9,"date":"2009-02-23T11:08:35","date_gmt":"2009-02-23T10:08:35","guid":{"rendered":"http:\/\/www.nuriachinchilla.com\/?page_id=9"},"modified":"2022-06-19T12:26:46","modified_gmt":"2022-06-19T11:26:46","slug":"mis-libros","status":"publish","type":"page","link":"https:\/\/blog.iese.edu\/nuriachinchilla\/mis-libros\/","title":{"rendered":"Mis Libros"},"content":{"rendered":"<p>&nbsp;<\/p>\n<p><img loading=\"lazy\" decoding=\"async\" class=\"wp-image-13059 alignnone\" src=\"https:\/\/blog.iese.edu\/nuriachinchilla\/files\/2022\/06\/Duenos-de-nuestro-destino.jpg\" alt=\"\" width=\"137\" height=\"137\" srcset=\"https:\/\/blog.iese.edu\/nuriachinchilla\/files\/2022\/06\/Duenos-de-nuestro-destino.jpg 200w, https:\/\/blog.iese.edu\/nuriachinchilla\/files\/2022\/06\/Duenos-de-nuestro-destino-150x150.jpg 150w\" sizes=\"auto, (max-width: 137px) 100vw, 137px\" \/> <img loading=\"lazy\" decoding=\"async\" class=\"wp-image-13056 alignnone\" src=\"https:\/\/blog.iese.edu\/nuriachinchilla\/files\/2022\/06\/Integrar-la-vida-300x300.jpg\" alt=\"\" width=\"134\" height=\"134\" srcset=\"https:\/\/blog.iese.edu\/nuriachinchilla\/files\/2022\/06\/Integrar-la-vida-300x300.jpg 300w, https:\/\/blog.iese.edu\/nuriachinchilla\/files\/2022\/06\/Integrar-la-vida-150x150.jpg 150w, https:\/\/blog.iese.edu\/nuriachinchilla\/files\/2022\/06\/Integrar-la-vida.jpg 340w\" sizes=\"auto, (max-width: 134px) 100vw, 134px\" \/><img loading=\"lazy\" decoding=\"async\" class=\"wp-image-13001 alignnone\" src=\"https:\/\/blog.iese.edu\/nuriachinchilla\/files\/2022\/05\/Tiempo-en-HIlo-203x300.jpg\" alt=\"\" width=\"90\" height=\"133\" srcset=\"https:\/\/blog.iese.edu\/nuriachinchilla\/files\/2022\/05\/Tiempo-en-HIlo-203x300.jpg 203w, https:\/\/blog.iese.edu\/nuriachinchilla\/files\/2022\/05\/Tiempo-en-HIlo.jpg 262w\" sizes=\"auto, (max-width: 90px) 100vw, 90px\" \/> <img loading=\"lazy\" decoding=\"async\" class=\"wp-image-12359 alignnone\" src=\"https:\/\/blog.iese.edu\/nuriachinchilla\/files\/2021\/01\/Integrar-la-vida-portada-nueva-222x300.png\" alt=\"\" width=\"98\" height=\"133\" srcset=\"https:\/\/blog.iese.edu\/nuriachinchilla\/files\/2021\/01\/Integrar-la-vida-portada-nueva-222x300.png 222w, https:\/\/blog.iese.edu\/nuriachinchilla\/files\/2021\/01\/Integrar-la-vida-portada-nueva.png 538w\" sizes=\"auto, (max-width: 98px) 100vw, 98px\" \/><\/p>\n<p>&nbsp;<\/p>\n<h3><strong><img loading=\"lazy\" decoding=\"async\" class=\"wp-image-13062 alignnone\" src=\"https:\/\/blog.iese.edu\/nuriachinchilla\/files\/2022\/06\/Imagen1.jpg\" alt=\"\" width=\"84\" height=\"123\" \/> <\/strong><img loading=\"lazy\" decoding=\"async\" class=\"wp-image-13080 alignnone\" src=\"https:\/\/blog.iese.edu\/nuriachinchilla\/files\/2022\/06\/edition-93197-236x350-1.jpg\" alt=\"\" width=\"84\" height=\"124\" \/><img loading=\"lazy\" decoding=\"async\" class=\"wp-image-13076 alignnone\" src=\"https:\/\/blog.iese.edu\/nuriachinchilla\/files\/2022\/06\/Imagen5.jpg\" alt=\"\" width=\"95\" height=\"117\" \/><img loading=\"lazy\" decoding=\"async\" class=\"wp-image-13075 alignnone\" src=\"https:\/\/blog.iese.edu\/nuriachinchilla\/files\/2022\/06\/Imagen4.jpg\" alt=\"\" width=\"87\" height=\"115\" \/><img loading=\"lazy\" decoding=\"async\" class=\"wp-image-13077 alignnone\" src=\"https:\/\/blog.iese.edu\/nuriachinchilla\/files\/2022\/06\/Imagen6.jpg\" alt=\"\" width=\"83\" height=\"120\" \/><\/h3>\n<p><img loading=\"lazy\" decoding=\"async\" class=\"wp-image-1004 alignleft\" src=\"https:\/\/blog.iese.edu\/nuriachinchilla\/files\/2010\/03\/balancing-work-and-familyc.jpg\" alt=\"Balancing Work-family: no matter where you are\" width=\"84\" height=\"109\" \/><\/p>\n<p><img loading=\"lazy\" decoding=\"async\" class=\"wp-image-1004 alignleft\" src=\"https:\/\/blog.iese.edu\/nuriachinchilla\/files\/2009\/11\/la_rotacion_de_directivos.jpg\" alt=\"la_rotacion_de_directivos\" width=\"95\" height=\"110\" \/><\/p>\n<p><a href=\"http:\/\/www.casadellibro.com\/libro-ser-una-empresa-familiarmente-responsable-lujo-o-necesidad\/2900001149829\" target=\"_blank\" rel=\"noopener noreferrer\"><img loading=\"lazy\" decoding=\"async\" class=\"alignleft\" src=\"https:\/\/blog.iese.edu\/nuriachinchilla\/files\/2010\/11\/Portada-de-Ser-una-empresa-familiarmente-responsable.jpeg\" alt=\"Portada de Ser una empresa familiarmente responsable: \u00bfLujo o necesidad?\" width=\"101\" height=\"117\" \/><\/a><a title=\"Comprar este libro en Amazon!\" href=\"http:\/\/www.amazon.com\/Female-Ambition-Reconcile-Work-Family\/dp\/1403991782\" target=\"_blank\" rel=\"noopener noreferrer\"><img loading=\"lazy\" decoding=\"async\" class=\"alignleft\" src=\"https:\/\/blog.iese.edu\/nuriachinchilla\/files\/2010\/11\/Cover-of-Female-Ambition.jpeg\" alt=\"Cover of Female Ambition\" width=\"96\" height=\"111\" \/><\/a><\/p>\n<p><a href=\"http:\/\/www.casadellibro.com\/libro-la-ambicion-femenina-como-re-conciliar-trabajo-y-familia\/2900001034949\" target=\"_blank\" rel=\"noopener noreferrer\"><img loading=\"lazy\" decoding=\"async\" class=\"alignleft\" src=\"https:\/\/blog.iese.edu\/nuriachinchilla\/files\/2010\/11\/Portada-de-La-Ambici\u00f3n-Femenina.jpeg\" alt=\"Portada de La Ambici\u00f3n Femenina\" width=\"83\" height=\"96\" \/><\/a><\/p>\n<p><a title=\"Comprar este libro en Amazon!\" href=\"http:\/\/www.casadellibro.com\/libro-emprendiendo-en-femenino\/678044\/2900000683847\" target=\"_blank\" rel=\"noopener noreferrer\"><img loading=\"lazy\" decoding=\"async\" class=\"alignleft\" src=\"https:\/\/blog.iese.edu\/nuriachinchilla\/files\/2010\/11\/Emprendiendo-en-femenino.jpeg\" alt=\"Emprendiendo en femenino\" width=\"94\" height=\"109\" \/><\/a><\/p>\n<p>&nbsp;<\/p>\n<p>&nbsp;<\/p>\n<p>&nbsp;<\/p>\n<p>&nbsp;<\/p>\n<p><img loading=\"lazy\" decoding=\"async\" class=\"wp-image-7268 alignleft\" src=\"https:\/\/blog.iese.edu\/nuriachinchilla\/files\/2009\/02\/Portada-JAPL-225x300.jpg\" alt=\"Portada JAPL\" width=\"99\" height=\"132\" srcset=\"https:\/\/blog.iese.edu\/nuriachinchilla\/files\/2009\/02\/Portada-JAPL-225x300.jpg 225w, https:\/\/blog.iese.edu\/nuriachinchilla\/files\/2009\/02\/Portada-JAPL.jpg 720w\" sizes=\"auto, (max-width: 99px) 100vw, 99px\" \/><img loading=\"lazy\" decoding=\"async\" class=\"alignnone\" src=\"https:\/\/blog.iese.edu\/nuriachinchilla\/files\/2010\/11\/Paradigmas-del-liderazgo.gif\" alt=\"Paradigmas del liderazgo\" width=\"121\" height=\"140\" \/><a href=\"https:\/\/blog.iese.edu\/nuriachinchilla\/files\/2009\/02\/Portada-La-mujer-y-su-exito-e1432650124401.jpg\"><img loading=\"lazy\" decoding=\"async\" class=\"wp-image-7812 alignleft\" src=\"https:\/\/blog.iese.edu\/nuriachinchilla\/files\/2009\/02\/Portada-La-mujer-y-su-exito-e1432650124401-189x300.jpg\" alt=\"Portada La mujer y su exito\" width=\"80\" height=\"126\" srcset=\"https:\/\/blog.iese.edu\/nuriachinchilla\/files\/2009\/02\/Portada-La-mujer-y-su-exito-e1432650124401-189x300.jpg 189w, https:\/\/blog.iese.edu\/nuriachinchilla\/files\/2009\/02\/Portada-La-mujer-y-su-exito-e1432650124401.jpg 448w\" sizes=\"auto, (max-width: 80px) 100vw, 80px\" \/><\/a><\/p>\n<p>Algunos de los libros que he publicado:<\/p>\n<h3><em>Buenas Pr\u00e1cticas para la gesti\u00f3n de la igualdad, la diversidad y la mejora de la competitividad en la empresa\u00a0<\/em><\/h3>\n<p><span class=\"resultados-cab\"><strong>Fecha:\u00a0<\/strong>31\/05\/2019 <\/span><span class=\"resultados-cab\"><strong>Autor \/ es:\u00a0<\/strong>Chinchilla, Nuria; Jimenez, Esther; Grau Grau, Marc\u00a0<strong>Colaborador\/es:<\/strong>\u00a0Fundaci\u00f3n M\u00e1s Humano;\u00a0<strong>Patrocinador\/es:<\/strong>\u00a0Caixa Bank;\u00a0<strong>Editor\/es:<\/strong>\u00a0C\u00e1tedra Carmina Roca y Rafael Pich-Aguilera de Mujer y Liderazgo<\/span><span class=\"resultados-cab\"><strong>Tipo de documento:\u00a0<\/strong>Estudio y monograf\u00eda<\/span><\/p>\n<p>El C\u00f3digo es un documento para un cambio 4.0 en las empresas, que dise\u00f1a caminos para acceder a los puestos de m\u00e1xima responsabilidad con independencia del g\u00e9nero del profesional y de las circunstancias personales o familiares. Adem\u00e1s de ser un impulsor del valor \u00e9tico y estrat\u00e9gico del equilibrio de g\u00e9nero para garantizar la eficiencia y sostenibilidad. Con este C\u00f3digo se pretende tener l\u00edderes diversos, con una nueva perspectiva que valore la empat\u00eda y la gesti\u00f3n del cambio como claves para avanzar hacia una empresa y sociedad m\u00e1s \u00e9tica, responsable y competitiva. No es \u00e9sta una postura retadora, y no requiere actitudes condescendientes o paternalistas. M\u00e1s bien al contrario, requiere de la cooperaci\u00f3n de todos los profesionales, hombres y mujeres. Nuestro objetivo es convertir este Informe para la gesti\u00f3n del Talento y la Competitividad de la Empresa en un an\u00e1lisis recurrente sobre las mejores pol\u00edticas y pr\u00e1cticas que favorecen que las mujeres entiendan que su acceso en la escala profesional es posible sin dejar de ser lo que son, y que quienes puedan aspirar a la m\u00e1s alta direcci\u00f3n, lo consigan, percibiendo que adem\u00e1s es un lugar accesible, confortable y compatible con la vida personal.<\/p>\n<h3><em> Integrar la vida (liderar con \u00e9xito la trayectoria profesional y personal en un mundo global)<\/em><\/h3>\n<p>Nuria Chinchilla, Esther Jim\u00e9nez y Pilar Garc\u00eda-Lombard\u00eda, Ariel, 2018<\/p>\n<p>Ofrece v\u00edas pr\u00e1cticas para conseguir que la conciliaci\u00f3n trabajo-familia sea de verdad posible, trabajando el liderazgo personal, familiar, empresarial y social. Es necesaria la implicaci\u00f3n de nuestros gobernantes y legisladores, la flexibilidad y buenas pr\u00e1cticas de los empresarios y el esfuerzo de las familias, pero tambi\u00e9n y antes que nada nuestra propia voluntad de mejorar las realidad en que vivimos y de ser due\u00f1os de nuestro destino, logrando un equilibrio arm\u00f3nico entre lo que aportamos y lo que recibimos de la sociedad.<\/p>\n<div id=\"ficha-head\" class=\"row\">\n<h3><em>Hacia una econom\u00eda m\u00e1s humana y sostenible<\/em><\/h3>\n<p>Chinchilla, Nuria, IESE, OP-307, 03\/2019<\/p>\n<p>Este documento que recoge mi discurso de ingreso en la Real Academia de Ciencias Econ\u00f3micas y Financieras trata de la importancia y de la urgencia, tanto econ\u00f3mica como social, de cuidar nuestra ecolog\u00eda humana, como conditio sine qua non para \u00absalvaguardar nuestra casa com\u00fan y a sus habitantes\u00bb. Preservar la salud y la ecolog\u00eda de las personas, de las familias y de las comunidades humanas es tan importante y urgente para la econom\u00eda como preservar el medioambiente, cuyo deterioro no deja de ser consecuencia del deterioro de la ecolog\u00eda humana. De hecho, de la misma manera que hubo un tiempo en el que ignor\u00e1bamos el impacto de nuestras industrias sobre el medioambiente, muchas empresas ignoran hoy su contribuci\u00f3n a la destrucci\u00f3n de la ecolog\u00eda humana. En este estudio, quiero resaltar la interrelaci\u00f3n de cinco elementos: el entorno cultural, la sociedad, la empresa, la familia y la persona. Todos forman parte de un conjunto que puede ser arm\u00f3nico o desequilibrado.<\/p>\n<\/div>\n<h3><em>Due\u00f1os de nuestro destino. C\u00f3mo conciliar la vida prefesional, familiar y personal<\/em><\/h3>\n<p>Maruja Moragas y Nuria Chinchilla, Planeta, 2007<\/p>\n<p>\u00bfEs posible conciliar la vida profesional, familiar y personal? \u00c9sta es sin duda una pregunta que est\u00e1 en boca de todos y que cada vez se va a formular con m\u00e1s insistencia, ya que es uno de los problemas peor resueltos en nuestra sociedad.<\/p>\n<p><a href=\"https:\/\/blog.iese.edu\/nuriachinchilla\/mis-libros\/duenos-de-nuestro-destino\/\">Leer m\u00e1s<\/a><\/p>\n<p>Ediciones internacionales:<\/p>\n<p><strong>\u0445o3\u044f<\/strong><strong>\u0435b\u0430 cbo\u0435\u0439 \u0441\u0443\u0434\u044c\u0431\u044b <\/strong>(<a href=\"https:\/\/itunes.apple.com\/es\/book\/hozaeva-svoej-sud-by\/id996916812?mt=11\">Link a ebook<\/a>)<\/p>\n<p>Editorial: Biblioteca Online, 2015<\/p>\n<p><strong>\u00a0<\/strong>\u041c\u044b \u0447\u0443\u0432\u0441\u0442\u0432\u0443\u0435\u043c \u0441\u0435\u0431\u044f \u0440\u0430\u0441\u0449\u0435\u043f\u043b\u0435\u043d\u043d\u044b\u043c\u0438 \u0432 \u043c\u0438\u0440\u0435, \u043f\u043e\u043b\u043d\u043e\u043c \u0442\u0430\u043a\u0438\u0445 \u043f\u0440\u043e\u0442\u0438\u0432\u043e\u0440\u0435\u0447\u0438\u0432\u044b\u0445 \u0442\u0440\u0435\u0431\u043e\u0432\u0430\u043d\u0438\u0439, \u043a\u0430\u043a \u0441\u0442\u0430\u0442\u044c \u0445\u043e\u0440\u043e\u0448\u0438\u043c\u0438 \u0440\u043e\u0434\u0438\u0442\u0435\u043b\u044f\u043c\u0438, \u0431\u043e\u043b\u044c\u0448\u0435 \u0440\u0430\u0431\u043e\u0442\u0430\u0442\u044c, \u0437\u0430\u0431\u043e\u0442\u0438\u0442\u044c\u0441\u044f \u043e \u043d\u0430\u0441 \u0441\u0430\u043c\u0438\u0445. \u00ab\u0425\u043e\u0437\u044f\u0435\u0432\u0430 \u0441\u0432\u043e\u0435\u0439 \u0441\u0443\u0434\u044c\u0431\u044b\u00bb \u043a\u043e\u043c\u0431\u0438\u043d\u0438\u0440\u0443\u0435\u0442 \u0441\u0442\u0440\u043e\u0433\u0443\u044e \u0441\u043e\u0446\u0438\u0430\u043b\u044c\u043d\u0443\u044e \u043d\u0430\u0443\u043a\u0443 \u0441 \u0432\u0434\u043e\u0445\u043d\u043e\u0432\u0435\u043d\u0438\u0435\u043c; \u0441\u043e\u0434\u0435\u0440\u0436\u0430\u043d\u0438\u0435 \u044d\u0442\u043e\u0439 \u043a\u043d\u0438\u0433\u0438 \u0434\u043e\u0441\u0442\u0438\u0433\u0430\u0435\u0442 \u0433\u043b\u0443\u0431\u043e\u043a\u043e\u0433\u043e \u0443\u0440\u043e\u0432\u043d\u044f \u0438\u0441\u0442\u0438\u043d\u044b \u043e \u0447\u0435\u043b\u043e<\/p>\n<p>\u0432\u0435\u0447\u0435\u0441\u043a\u0438\u0445 \u0441\u0432\u043e\u0439\u0441\u0442\u0432\u0430\u0445 \u0438 \u0444\u043e\u0440\u043c\u0435 \u0431\u043e\u043b\u0435\u0435 \u043f\u043e\u043b\u043d\u043e\u0446\u0435\u043d\u043d\u043e\u0439 \u0436\u0438\u0437\u043d\u0438 \u0441\u043e\u0433\u043b\u0430\u0441\u043d\u043e \u0442\u043e\u043c\u0443, \u043a\u0442\u043e \u043c\u044b \u0435\u0441\u0442\u044c \u0438 \u043a\u0435\u043c \u043c\u044b \u0445\u043e\u0442\u0438\u043c \u0441\u0442\u0430\u0442\u044c. \u0414\u0436\u0435\u0444\u0444\u0440\u0438 \u041f\u0444\u0435\u0444\u0444\u0435\u0440, \u041f\u0440\u043e\u0444\u0435\u0441\u0441\u043e\u0440 \u0432 \u0412\u044b\u0441\u0448\u0435\u0439 \u0431\u0438\u0437\u043d\u0435\u0441-\u0448\u043a\u043e\u043b\u0435 \u043f\u0440\u0438 \u0421\u0442\u044d\u043d\u0444\u043e\u0440\u0434\u0441\u043a\u043e\u043c \u0443\u043d\u0438\u0432\u0435\u0440\u0441\u0438\u0442\u0435\u0442\u0435. \u00ab\u0425\u043e\u0437\u044f\u0435\u0432\u0430 \u0441\u0432\u043e\u0435\u0439 \u0441\u0443\u0434\u044c\u0431\u044b\u00bb \u043f\u0440\u0435\u0434\u043b\u0430\u0433\u0430\u0435\u0442 \u043a\u0430\u043a \u0442\u0435\u043e\u0440\u0438\u0442\u0438\u0447\u0435\u0441\u043a\u0443\u044e \u043e\u0441\u043d\u043e\u0432\u0443, \u0442\u0430\u043a \u0438 \u043c\u043d\u043e\u0433\u043e\u0447\u0438\u0441\u043b\u0435\u043d\u043d\u044b\u0435 \u043c\u0435\u0442\u043e\u0434\u044b \u0438 \u043f\u043e\u043b\u0435\u0437\u043d\u044b\u0435 \u043f\u0440\u0438\u043c\u0435\u0440\u044b \u0434\u043b\u044f \u0442\u043e\u0433\u043e, \u0447\u0442\u043e\u0431\u044b \u0440\u0443\u043a\u043e\u0432\u043e\u0434\u0438\u0442\u0435\u043b\u044c \u0441\u043c\u043e\u0433 \u0434\u0435\u0439\u0441\u0442\u0432\u043e\u0432\u0430\u0442\u044c \u0432 \u043d\u0435\u043e\u043f\u0440\u0435\u0434\u0435\u043b\u0435\u043d\u043d\u043e\u043c \u0438 \u0438\u0437\u043c\u0435\u043d\u0447\u0438\u0432\u043e\u043c \u043e\u043a\u0440\u0443\u0436\u0435\u043d\u0438\u0438, \u0442\u0440\u0435\u0431\u0443\u044e\u0449\u0438\u043c \u0431\u043e\u043b\u044c\u0448\u043e\u0439 \u043f\u0440\u0438\u0441\u043f\u043e\u0441\u043e\u0431\u043b\u044f\u0435\u043c\u043e\u0441\u0442\u0438.<\/p>\n<h3><em>Fundamentos de la Direcci\u00f3n de Empresas<\/em> (<a title=\"Link a ebook\" href=\"http:\/\/www.troa.es\/ebook\/fundamentos-de-la-direccion-de-empresas_780483\" target=\"_blank\" rel=\"noopener noreferrer\">Link a ebook<\/a>)<\/h3>\n<p>Juan Antonio P\u00e9rez L\u00f3pez; Pr\u00f3logo: Nuria Chinchilla, Rialp (6\u00aa Edici\u00f3n),\u00a02006<\/p>\n<p>Este libro es un manual sobre la direcci\u00f3n de empresas a economistas, empresarios, ejecutivos, directivos y estudiantes de estas materias en los institutos de empresa y facultades universitarias.<\/p>\n<h3><em>El tiempo en un hilo<\/em> (<a title=\"Link a ebook\" href=\"http:\/\/www.troa.es\/ebook\/el-tiempo-en-un-hilo_771862\" target=\"_blank\" rel=\"noopener noreferrer\">Link a ebook<\/a>)<\/h3>\n<p>Maruja Moragas; Pr\u00f3logo y Ep\u00edlogo: Nuria Chinchilla, Rialp (3\u00aa Edici\u00f3n)<\/p>\n<p>Este libro refleja una vida normal y corriente pero vivida con determinaci\u00f3n y aplomo, muestra un camino de regeneraci\u00f3n y de reflexiones pr\u00e1cticas.<\/p>\n<div class=\"libros\">\n<h3><em>Balancing Work-family: no matter where you are<\/em><\/h3>\n<p>Nuria Chinchilla, Mireia Las Heras y Aline D. Masuda, HRD Press, Marzo 2010<\/p>\n<p>Esta publicaci\u00f3n nos demuestra c\u00f3mo la conciliaci\u00f3n de los distintos \u00e1mbitos de nuestras vidas es un reto omnipresente, tanto en los pa\u00edses desarrollados como en los que est\u00e1n en v\u00edas de desarrollo.<span class=\"vermas\"><br \/>\n<a href=\"https:\/\/blog.iese.edu\/nuriachinchilla\/mis-libros\/balancing-work-family-no-matter-where-you-are\/\" target=\"_blank\" rel=\"noopener noreferrer\">leer m\u00e1s &gt;&gt;<\/a><\/span><\/p>\n<\/div>\n<div class=\"libros\">\n<h3><em>La Rotaci\u00f3n de Directivos: \u00bfComprometidos o involucrados?<\/em> (Reedici\u00f3n)<\/h3>\n<p>Nuria Chinchilla, Crecento! Publishing, 2009<\/p>\n<p>Despu\u00e9s de 15 a\u00f1os se ha reeditado este cl\u00e1sico del Management, la \u00ab\u00d3pera Prima\u00bb de Nuria Chinchilla. Es una obra atemporal que ayuda a descubrir los v\u00ednculos a desarrollar con la empresa y el encaje de los directivos y empleados con la misma.<span class=\"vermas\"><br \/>\n<a title=\"Ver la rese\u00f1a entera\" href=\"..\/mis-libros\/la-rotacion-de-directivos-comprometidos-o-involucrados-reedicion\/\">leer m\u00e1s &gt;&gt;<\/a><\/span><\/p>\n<\/div>\n<h3><em>Ser una empresa familiarmente responsable: \u00bfLujo o necesidad?<\/em><\/h3>\n<p>Nuria Chinchilla, Pearson Practice Hall, 2006<\/p>\n<p>Cada vez es m\u00e1s com\u00fan y necesario el tema de la conciliaci\u00f3n entre la vida familiar y la vida laboral&#8230;&#8230; <span class=\"vermas\"><a title=\"Ver la rese\u00f1a entera\" href=\"..\/mis-libros\/ser-una-empresa-familiarmente-responsable\/\">leer m\u00e1s &gt;&gt;<\/a><\/span><\/p>\n<h3><em>Female Ambition. How to Reconcile Work and Family<\/em><\/h3>\n<p>Nuria Chinchilla and Consuelo Le\u00f3n, Palgrave McMillan, 2005<\/p>\n<p>\u00abWhen a man works long hours, it is assumed that he is doing it for the good of his family. If a woman works long hours, she is considered to be neglecting her family.\u00bb This observation&#8230;&#8230; <span class=\"vermas\"><a title=\"See the whole summaries\" href=\"..\/mis-libros\/female-ambition\/\">read more &gt;&gt;<\/a><\/span><\/p>\n<p><strong><em>La Ambici\u00f3n Femenina. C\u00f3mo re-conciliar Trabajo y Familia<\/em><\/strong><\/p>\n<p>Nuria Chinchilla y Consuelo Le\u00f3n, Aguilar, 2004<\/p>\n<p>La mujer del siglo XXI quiere ser madre, esposa, profesional, ciudadana&#8230; La incorporaci\u00f3n de la mujer al mercado laboral ha supuesto grand\u00edsimos cambios&#8230;&#8230; <span class=\"vermas\"><a title=\"Ver la rese\u00f1a entera\" href=\"..\/mis-libros\/la-ambicion-femenina\/\">leer m\u00e1s &gt;&gt;<\/a><\/span><\/p>\n<h3><em>Paradigmas del liderazgo. Claves de la direcci\u00f3n de personas<\/em><\/h3>\n<p>\u00c1lvarez de Mon, Cardona, Chinchilla, Miller, P\u00e9rez L\u00f3pez, Pin, Poelmans, Rodr\u00edguez Lluesma, Rodr\u00edguez Porras, Torres, McGraw-Hill Profesional, 2001<\/p>\n<p>Los directivos tienen que ser capaces de atraer, motivas, desarrollar y retener a los individuos con conocimientos y habilidades escasas y valiosas.<span class=\"vermas\"><a title=\"Ver la rese\u00f1a entera\" href=\"..\/mis-libros\/paradigmas-del-liderazgo\/\">leer m\u00e1s &gt;&gt;<\/a><\/span><\/p>\n<h3><em>Emprendiendo en femenino<\/em><\/h3>\n<p>Nuria Chinchilla, Pilar Garc\u00eda y Anna Mercad\u00e9, Gesti\u00f3n 2000, 1999<\/p>\n<p>Este libro es un estudio perfectamente documentado, de lo que est\u00e1 ocurriendo hoy en el mundo occidental y una prospecci\u00f3n optimista hacia el futuro respecto al tri\u00e1ngulo Mujer &#8211; Trabajo \u2013 Familia.<span class=\"vermas\"><a title=\"See the whole summaries\" href=\"..\/mis-libros\/emprendiendo-en-femenino\/\">leer m\u00e1s &gt;&gt;<\/a><\/span><\/p>\n<h3><em>La mujer y su \u00e9xito<\/em> (agotado)<\/h3>\n<p>Nuria Chinchilla y Juan Antonio P\u00e9rez L\u00f3pez, Astrolabio, 1999 (2\u00aa edici\u00f3n)<\/p>\n<p>No su fama sino su \u00e9xito. Su \u00e9xito en la vida, esa vida que incluye el \u00e1mbito familiar, el professional y \u00bfespecialmente? el personal.<\/p>\n<p>No es un alegato impertinete y f\u00fatil. Es un resumen de dos parlamentos de un hombre de pensamiento profundo y creative, y las experiencias de la vida cotidiana, matrimonio-materno-profesional de cinco mujeres.<\/p>\n","protected":false},"excerpt":{"rendered":"<p>&nbsp; &nbsp; &nbsp; &nbsp; &nbsp; &nbsp; Algunos de los libros que he publicado: Buenas Pr\u00e1cticas para la gesti\u00f3n de la igualdad, la diversidad y la mejora de la competitividad en la empresa\u00a0 Fecha:\u00a031\/05\/2019 Autor \/ es:\u00a0Chinchilla, Nuria; Jimenez, Esther; Grau Grau, Marc\u00a0Colaborador\/es:\u00a0Fundaci\u00f3n M\u00e1s Humano;\u00a0Patrocinador\/es:\u00a0Caixa Bank;\u00a0Editor\/es:\u00a0C\u00e1tedra Carmina Roca y Rafael Pich-Aguilera de Mujer y LiderazgoTipo de [&hellip;]<\/p>\n","protected":false},"author":1,"featured_media":0,"parent":0,"menu_order":5,"comment_status":"closed","ping_status":"closed","template":"","meta":{"footnotes":""},"class_list":["post-9","page","type-page","status-publish","hentry"],"_links":{"self":[{"href":"https:\/\/blog.iese.edu\/nuriachinchilla\/wp-json\/wp\/v2\/pages\/9","targetHints":{"allow":["GET"]}}],"collection":[{"href":"https:\/\/blog.iese.edu\/nuriachinchilla\/wp-json\/wp\/v2\/pages"}],"about":[{"href":"https:\/\/blog.iese.edu\/nuriachinchilla\/wp-json\/wp\/v2\/types\/page"}],"author":[{"embeddable":true,"href":"https:\/\/blog.iese.edu\/nuriachinchilla\/wp-json\/wp\/v2\/users\/1"}],"replies":[{"embeddable":true,"href":"https:\/\/blog.iese.edu\/nuriachinchilla\/wp-json\/wp\/v2\/comments?post=9"}],"version-history":[{"count":45,"href":"https:\/\/blog.iese.edu\/nuriachinchilla\/wp-json\/wp\/v2\/pages\/9\/revisions"}],"predecessor-version":[{"id":13099,"href":"https:\/\/blog.iese.edu\/nuriachinchilla\/wp-json\/wp\/v2\/pages\/9\/revisions\/13099"}],"wp:attachment":[{"href":"https:\/\/blog.iese.edu\/nuriachinchilla\/wp-json\/wp\/v2\/media?parent=9"}],"curies":[{"name":"wp","href":"https:\/\/api.w.org\/{rel}","templated":true}]}}