{"id":2,"date":"2024-11-11T13:42:51","date_gmt":"2024-11-11T13:42:51","guid":{"rendered":"https:\/\/blog.iese.edu\/rosa-fite\/?page_id=2"},"modified":"2024-12-16T12:29:28","modified_gmt":"2024-12-16T11:29:28","slug":"sample-page","status":"publish","type":"page","link":"https:\/\/blog.iese.edu\/rosa-fite\/","title":{"rendered":"Inicio"},"content":{"rendered":"<p>Rosa M. Fit\u00e9 es licenciada en Derecho por la Universidad Aut\u00f3noma de Barcelona y MBA por el IESE Business School. Empez\u00f3 a trabajar en el IESE como investigadora asociada con el profesor Pedro Nueno en el 2002. Adem\u00e1s de escribir casos de empresas se involucr\u00f3 en los diversos encuentros sectoriales anuales de automoci\u00f3n, tecnolog\u00eda sanitaria, farmacia, innovaci\u00f3n, biotecnolog\u00eda, marcas de prestigio y medios de comunicaci\u00f3n, entendidos todo ellos como espacios de investigaci\u00f3n que promov\u00edan la reflexi\u00f3n entre empresarios y permit\u00edan elaborar valor para sus empresas. Con la misma perspectiva tambi\u00e9n apoy\u00f3 varios encuentros sectoriales del CEIBS y form\u00f3 parte del equipo de Finaves.<\/p>\n<p>En la actualidad trabaja en Verbideas, un modelo para estimular la iniciativa emprendedora y la innovaci\u00f3n dentro de las empresas. Ha coordinado el ensayo P<em>rimero las Personas, pensamiento emprendedor para resolver problemas empresariales<\/em> (Planeta 2024) que cuenta con la contribuci\u00f3n de m\u00e1s de 25 profesores del IESE. Ha publicado en <em>Harvard Deusto Business Review<\/em> y en <em>IESE Publishing<\/em>.<\/p>\n<p>Antes de incorporarse al IESE trabaj\u00f3 en multinacionales l\u00edderes de alimentaci\u00f3n, entre las que destaca el Grupo Ferrero, en las \u00e1reas comerciales y de marketing con responsabilidades internacionales.<\/p>\n<hr \/>\n<blockquote><p><em>\u201cVivimos desde hace a\u00f1os una \u00e9poca en que el intrapreneurship se considera importante. Se habl\u00f3 de ello, pero no se consigui\u00f3 un buen m\u00e9todo para integrarlo en las empresas. Deber\u00edamos volver al tema y estudiar c\u00f3mo ponerlo en pr\u00e1ctica y beneficiar a la empresa\u201d\u00a0\u00a0<\/em><\/p>\n<p><em>\u201cNo podemos olvidarnos de que la velocidad de la gesti\u00f3n de empresas est\u00e1 subiendo y cuestiones como la digitalizaci\u00f3n y la internacionalizaci\u00f3n son clave. En entornos con estas caracter\u00edsticas es importante retener a las mejores personas. La retenci\u00f3n se mejora con una buena actividad de formaci\u00f3n de las personas y con formas de remunerar que tengan en cuenta la retenci\u00f3n.\u201d\u00a0\u00a0<\/em><\/p><\/blockquote>\n<p><b>Prof. Pedro Nueno. <em>Primero las personas. Pensamiento emprendedor para resolver problemas empresariales (<\/em>Planeta 2024<em>).<\/em><\/b><\/p>\n<hr \/>\n<p>&nbsp;<\/p>\n<p><strong>Visitar el blog en ingl\u00e9s <a href=\"https:\/\/blog.iese.edu\/rosa-fite\/en\/\">aqu\u00ed<\/a>.<\/strong><\/p>\n","protected":false},"excerpt":{"rendered":"<p>Rosa M. Fit\u00e9 es licenciada en Derecho por la Universidad Aut\u00f3noma de Barcelona y MBA por el IESE Business School. Empez\u00f3 a trabajar en el IESE como investigadora asociada con el profesor Pedro Nueno en el 2002. Adem\u00e1s de escribir casos de empresas se involucr\u00f3 en los diversos encuentros sectoriales anuales de automoci\u00f3n, tecnolog\u00eda sanitaria, [&hellip;]<\/p>\n","protected":false},"author":217,"featured_media":0,"parent":0,"menu_order":0,"comment_status":"closed","ping_status":"open","template":"","meta":{"footnotes":""},"class_list":["post-2","page","type-page","status-publish","hentry"],"aioseo_notices":[],"_links":{"self":[{"href":"https:\/\/blog.iese.edu\/rosa-fite\/wp-json\/wp\/v2\/pages\/2","targetHints":{"allow":["GET"]}}],"collection":[{"href":"https:\/\/blog.iese.edu\/rosa-fite\/wp-json\/wp\/v2\/pages"}],"about":[{"href":"https:\/\/blog.iese.edu\/rosa-fite\/wp-json\/wp\/v2\/types\/page"}],"author":[{"embeddable":true,"href":"https:\/\/blog.iese.edu\/rosa-fite\/wp-json\/wp\/v2\/users\/217"}],"replies":[{"embeddable":true,"href":"https:\/\/blog.iese.edu\/rosa-fite\/wp-json\/wp\/v2\/comments?post=2"}],"version-history":[{"count":14,"href":"https:\/\/blog.iese.edu\/rosa-fite\/wp-json\/wp\/v2\/pages\/2\/revisions"}],"predecessor-version":[{"id":116,"href":"https:\/\/blog.iese.edu\/rosa-fite\/wp-json\/wp\/v2\/pages\/2\/revisions\/116"}],"wp:attachment":[{"href":"https:\/\/blog.iese.edu\/rosa-fite\/wp-json\/wp\/v2\/media?parent=2"}],"curies":[{"name":"wp","href":"https:\/\/api.w.org\/{rel}","templated":true}]}}

<p>Rosa M. Fité es licenciada en Derecho por la Universidad Autónoma de Barcelona y MBA por el IESE Business School. Empezó a trabajar en el IESE como investigadora asociada con el profesor Pedro Nueno en el 2002. Además de escribir casos de empresas se involucró en los diversos encuentros sectoriales anuales de automoción, tecnología sanitaria, farmacia, innovación, biotecnología, marcas de prestigio y medios de comunicación, entendidos todo ellos como espacios de investigación que promovían la reflexión entre empresarios y permitían elaborar valor para sus empresas. Con la misma perspectiva también apoyó varios encuentros sectoriales del CEIBS y formó parte del equipo de Finaves.</p>
<p>En la actualidad trabaja en Verbideas, un modelo para estimular la iniciativa emprendedora y la innovación dentro de las empresas. Ha coordinado el ensayo P<em>rimero las Personas, pensamiento emprendedor para resolver problemas empresariales</em> (Planeta 2024) que cuenta con la contribución de más de 25 profesores del IESE. Ha publicado en <em>Harvard Deusto Business Review</em> y en <em>IESE Publishing</em>.</p>
<p>Antes de incorporarse al IESE trabajó en multinacionales líderes de alimentación, entre las que destaca el Grupo Ferrero, en las áreas comerciales y de marketing con responsabilidades internacionales.</p>
<hr />
<blockquote><p><em>“Vivimos desde hace años una época en que el intrapreneurship se considera importante. Se habló de ello, pero no se consiguió un buen método para integrarlo en las empresas. Deberíamos volver al tema y estudiar cómo ponerlo en práctica y beneficiar a la empresa”  </em></p>
<p><em>“No podemos olvidarnos de que la velocidad de la gestión de empresas está subiendo y cuestiones como la digitalización y la internacionalización son clave. En entornos con estas características es importante retener a las mejores personas. La retención se mejora con una buena actividad de formación de las personas y con formas de remunerar que tengan en cuenta la retención.”  </em></p></blockquote>
<p><b>Prof. Pedro Nueno. <em>Primero las personas. Pensamiento emprendedor para resolver problemas empresariales (</em>Planeta 2024<em>).</em></b></p>
<hr />
<p>&nbsp;</p>
<p><strong>Visitar el blog en inglés <a href="https://blog.iese.edu/rosa-fite/en/">aquí</a>.</strong></p>

<p>Rosa M. Fité es licenciada en Derecho por la Universidad Autónoma de Barcelona y MBA por el IESE Business School. Empezó a trabajar en el IESE como investigadora asociada con el profesor Pedro Nueno en el 2002. Además de escribir casos de empresas se involucró en los diversos encuentros sectoriales anuales de automoción, tecnología sanitaria, [&hellip;]</p>
