{"id":5,"date":"2024-11-11T14:48:59","date_gmt":"2024-11-11T13:48:59","guid":{"rendered":"https:\/\/blog.iese.edu\/rosa-fite\/?page_id=5"},"modified":"2024-12-13T15:42:50","modified_gmt":"2024-12-13T14:42:50","slug":"verbideas","status":"publish","type":"page","link":"https:\/\/blog.iese.edu\/rosa-fite\/verbideas\/","title":{"rendered":"Verbideas"},"content":{"rendered":"<p><strong>Verbideas<\/strong> es el resultado de la observaci\u00f3n de empresas de distintos sectores, que con frecuencia afrontaban problemas parecidos, de la voluntad constante de sumar conocimientos y esfuerzos de profesores e investigadores para ayudarlas y de haber podido testar una teor\u00eda nueva en un contexto empresarial real, es decir, una actividad de action research. Los objetivos de efectividad para la empresa se definieron conjuntamente con la direcci\u00f3n corporativa de formaci\u00f3n, primero y despu\u00e9s con el director de la planta de producci\u00f3n en la que se iba a aplicar Verbideas. La contribuci\u00f3n de esta investigaci\u00f3n (action research) consisti\u00f3 en poder aterrizar los conceptos y operaciones en la realidad y encontrar la relevancia adecuada y las claves de efectividad para ayudar a las empresas a nivel pr\u00e1ctico. Porque si bien esta perspectiva aborda el reto de la productividad, y de acelerar la creaci\u00f3n de valor, desde conceptos alrededor de la persona en acci\u00f3n de antropolog\u00eda del SXX en conexi\u00f3n con los primeros principios de filosof\u00eda, en todo momento mantiene el criterio de practicidad y de ayuda efectiva para un mayor progreso de las personas y sus empresas.<\/p>\n<p>&nbsp;<\/p>\n<p><img loading=\"lazy\" decoding=\"async\" class=\"aligncenter wp-image-127 size-full\" src=\"https:\/\/blog.iese.edu\/rosa-fite\/files\/2024\/12\/Verbideas.png\" alt=\"\" width=\"1300\" height=\"900\" srcset=\"https:\/\/blog.iese.edu\/rosa-fite\/files\/2024\/12\/Verbideas.png 1300w, https:\/\/blog.iese.edu\/rosa-fite\/files\/2024\/12\/Verbideas-300x208.png 300w, https:\/\/blog.iese.edu\/rosa-fite\/files\/2024\/12\/Verbideas-1024x709.png 1024w, https:\/\/blog.iese.edu\/rosa-fite\/files\/2024\/12\/Verbideas-768x532.png 768w\" sizes=\"auto, (max-width: 1300px) 100vw, 1300px\" \/><\/p>\n<p>&nbsp;<\/p>\n<p><img loading=\"lazy\" decoding=\"async\" class=\"aligncenter wp-image-131 size-full\" src=\"https:\/\/blog.iese.edu\/rosa-fite\/files\/2024\/12\/Modelo.png\" alt=\"\" width=\"1300\" height=\"900\" srcset=\"https:\/\/blog.iese.edu\/rosa-fite\/files\/2024\/12\/Modelo.png 1300w, https:\/\/blog.iese.edu\/rosa-fite\/files\/2024\/12\/Modelo-300x208.png 300w, https:\/\/blog.iese.edu\/rosa-fite\/files\/2024\/12\/Modelo-1024x709.png 1024w, https:\/\/blog.iese.edu\/rosa-fite\/files\/2024\/12\/Modelo-768x532.png 768w\" sizes=\"auto, (max-width: 1300px) 100vw, 1300px\" \/><\/p>\n<p>&nbsp;<\/p>\n","protected":false},"excerpt":{"rendered":"<p>Verbideas es el resultado de la observaci\u00f3n de empresas de distintos sectores, que con frecuencia afrontaban problemas parecidos, de la voluntad constante de sumar conocimientos y esfuerzos de profesores e investigadores para ayudarlas y de haber podido testar una teor\u00eda nueva en un contexto empresarial real, es decir, una actividad de action research. Los objetivos [&hellip;]<\/p>\n","protected":false},"author":217,"featured_media":0,"parent":0,"menu_order":10,"comment_status":"closed","ping_status":"closed","template":"","meta":{"footnotes":""},"class_list":["post-5","page","type-page","status-publish","hentry"],"aioseo_notices":[],"_links":{"self":[{"href":"https:\/\/blog.iese.edu\/rosa-fite\/wp-json\/wp\/v2\/pages\/5","targetHints":{"allow":["GET"]}}],"collection":[{"href":"https:\/\/blog.iese.edu\/rosa-fite\/wp-json\/wp\/v2\/pages"}],"about":[{"href":"https:\/\/blog.iese.edu\/rosa-fite\/wp-json\/wp\/v2\/types\/page"}],"author":[{"embeddable":true,"href":"https:\/\/blog.iese.edu\/rosa-fite\/wp-json\/wp\/v2\/users\/217"}],"replies":[{"embeddable":true,"href":"https:\/\/blog.iese.edu\/rosa-fite\/wp-json\/wp\/v2\/comments?post=5"}],"version-history":[{"count":22,"href":"https:\/\/blog.iese.edu\/rosa-fite\/wp-json\/wp\/v2\/pages\/5\/revisions"}],"predecessor-version":[{"id":137,"href":"https:\/\/blog.iese.edu\/rosa-fite\/wp-json\/wp\/v2\/pages\/5\/revisions\/137"}],"wp:attachment":[{"href":"https:\/\/blog.iese.edu\/rosa-fite\/wp-json\/wp\/v2\/media?parent=5"}],"curies":[{"name":"wp","href":"https:\/\/api.w.org\/{rel}","templated":true}]}}