{"id":15,"date":"2026-01-30T17:43:09","date_gmt":"2026-01-30T16:43:09","guid":{"rendered":"https:\/\/blog.iese.edu\/verbideas\/?page_id=15"},"modified":"2026-02-02T17:26:01","modified_gmt":"2026-02-02T16:26:01","slug":"contacto","status":"publish","type":"page","link":"https:\/\/blog.iese.edu\/verbideas\/contacto\/","title":{"rendered":"Contacto"},"content":{"rendered":"<p><strong>\u00bfQuieres aplicar VERBIDEAS\u00ae en tu empresa?<\/strong><\/p>\n<p><strong>\u00bfO est\u00e1s interesado en convertirte en licenciatario?<\/strong><\/p>\n<p>Cu\u00e9ntanos brevemente tu situaci\u00f3n y te contactaremos para explorar juntos la mejor forma de ayudarte.<\/p>\n<p>Estoy interesado en:<\/p>\n<p>Aplicar Start-up IN en mi empresa<\/p>\n<p>Ser licenciatario VERBIDEAS\u00ae<\/p>\n<p>Colaboraciones \/ informaci\u00f3n general<\/p>\n<p>Cu\u00e9ntanos tu necesidad o reto, puedes escribirnos a <a href=\"mailto:verbideas@iese.edu\"><strong>verbideas@iese.edu<\/strong><\/a><\/p>\n<p><strong>\u00a0<\/strong><\/p>\n<p>\u27a1\ufe0f <em>Quiero saber m\u00e1s sobre Start-up IN<\/em><br \/>\n\u27a1\ufe0f <em>Quiero ser licenciatario VERBIDEAS\u00ae<\/em><\/p>\n","protected":false},"excerpt":{"rendered":"<p>\u00bfQuieres aplicar VERBIDEAS\u00ae en tu empresa? \u00bfO est\u00e1s interesado en convertirte en licenciatario? Cu\u00e9ntanos brevemente tu situaci\u00f3n y te contactaremos para explorar juntos la mejor forma de ayudarte. Estoy interesado en: Aplicar Start-up IN en mi empresa Ser licenciatario VERBIDEAS\u00ae Colaboraciones \/ informaci\u00f3n general Cu\u00e9ntanos tu necesidad o reto, puedes escribirnos a verbideas@iese.edu \u00a0 \u27a1\ufe0f [&hellip;]<\/p>\n","protected":false},"author":2123,"featured_media":0,"parent":0,"menu_order":0,"comment_status":"closed","ping_status":"closed","template":"","meta":{"footnotes":""},"class_list":["post-15","page","type-page","status-publish","hentry"],"aioseo_notices":[],"_links":{"self":[{"href":"https:\/\/blog.iese.edu\/verbideas\/wp-json\/wp\/v2\/pages\/15","targetHints":{"allow":["GET"]}}],"collection":[{"href":"https:\/\/blog.iese.edu\/verbideas\/wp-json\/wp\/v2\/pages"}],"about":[{"href":"https:\/\/blog.iese.edu\/verbideas\/wp-json\/wp\/v2\/types\/page"}],"author":[{"embeddable":true,"href":"https:\/\/blog.iese.edu\/verbideas\/wp-json\/wp\/v2\/users\/2123"}],"replies":[{"embeddable":true,"href":"https:\/\/blog.iese.edu\/verbideas\/wp-json\/wp\/v2\/comments?post=15"}],"version-history":[{"count":3,"href":"https:\/\/blog.iese.edu\/verbideas\/wp-json\/wp\/v2\/pages\/15\/revisions"}],"predecessor-version":[{"id":47,"href":"https:\/\/blog.iese.edu\/verbideas\/wp-json\/wp\/v2\/pages\/15\/revisions\/47"}],"wp:attachment":[{"href":"https:\/\/blog.iese.edu\/verbideas\/wp-json\/wp\/v2\/media?parent=15"}],"curies":[{"name":"wp","href":"https:\/\/api.w.org\/{rel}","templated":true}]}}